CRAN Package Check Results for Package gbeta

Last updated on 2021-06-16 06:49:10 CEST.

Flavor Version Tinstall Tcheck Ttotal Status Flags
r-devel-linux-x86_64-debian-clang 0.1.0 33.03 30.67 63.70 OK
r-devel-linux-x86_64-debian-gcc 0.1.0 25.89 25.19 51.08 OK
r-devel-linux-x86_64-fedora-clang 0.1.0 95.44 NOTE
r-devel-linux-x86_64-fedora-gcc 0.1.0 85.81 OK
r-devel-windows-x86_64 0.1.0 43.00 58.00 101.00 OK
r-devel-windows-x86_64-gcc10-UCRT 0.1.0 OK
r-patched-linux-x86_64 0.1.0 28.73 30.82 59.55 OK
r-patched-solaris-x86 0.1.0 92.50 OK
r-release-linux-x86_64 0.1.0 30.63 31.03 61.66 OK
r-release-macos-arm64 0.1.0 NOTE
r-release-macos-x86_64 0.1.0 NOTE
r-release-windows-ix86+x86_64 0.1.0 82.00 76.00 158.00 OK
r-oldrel-macos-x86_64 0.1.0 NOTE
r-oldrel-windows-ix86+x86_64 0.1.0 57.00 76.00 133.00 OK

Check Details

Version: 0.1.0
Check: installed package size
Result: NOTE
     installed size is 6.3Mb
     sub-directories of 1Mb or more:
     libs 6.1Mb
Flavors: r-devel-linux-x86_64-fedora-clang, r-release-macos-arm64, r-release-macos-x86_64, r-oldrel-macos-x86_64