CRAN Package Check Results for Package gcite

Last updated on 2024-04-20 06:58:42 CEST.

Flavor Version Tinstall Tcheck Ttotal Status Flags
r-devel-linux-x86_64-debian-clang 0.10.1 5.85 47.29 53.14 NOTE
r-devel-linux-x86_64-debian-gcc 0.10.1 3.73 34.93 38.66 NOTE
r-devel-linux-x86_64-fedora-clang 0.10.1 63.91 NOTE
r-devel-linux-x86_64-fedora-gcc 0.10.1 64.38 NOTE
r-prerel-macos-arm64 0.10.1 25.00 NOTE
r-prerel-windows-x86_64 0.10.1 6.00 57.00 63.00 NOTE
r-patched-linux-x86_64 0.10.1 9.04 43.83 52.87 NOTE
r-release-linux-x86_64 0.10.1 4.05 43.81 47.86 NOTE
r-release-macos-arm64 0.10.1 25.00 NOTE
r-release-macos-x86_64 0.10.1 33.00 NOTE
r-release-windows-x86_64 0.10.1 7.00 62.00 69.00 NOTE
r-oldrel-macos-arm64 0.10.1 20.00 NOTE
r-oldrel-windows-x86_64 0.10.1 8.00 67.00 75.00 NOTE

Check Details

Version: 0.10.1
Check: LazyData
Result: NOTE 'LazyData' is specified without a 'data' directory Flavors: r-devel-linux-x86_64-debian-clang, r-devel-linux-x86_64-debian-gcc, r-devel-linux-x86_64-fedora-clang, r-devel-linux-x86_64-fedora-gcc, r-prerel-macos-arm64, r-prerel-windows-x86_64, r-patched-linux-x86_64, r-release-linux-x86_64, r-release-macos-arm64, r-release-macos-x86_64, r-release-windows-x86_64, r-oldrel-macos-arm64, r-oldrel-windows-x86_64