Last updated on 2023-12-02 06:48:14 CET.
Flavor | Version | Tinstall | Tcheck | Ttotal | Status | Flags |
---|---|---|---|---|---|---|
r-devel-linux-x86_64-debian-clang | 1.5.0-9.1 | 52.68 | 365.49 | 418.17 | NOTE | |
r-devel-linux-x86_64-debian-gcc | 1.5.0-9.1 | 38.66 | 275.53 | 314.19 | NOTE | |
r-devel-linux-x86_64-fedora-clang | 1.5.0-9.1 | 550.08 | NOTE | |||
r-devel-linux-x86_64-fedora-gcc | 1.5.0-9.1 | 501.24 | NOTE | |||
r-devel-windows-x86_64 | 1.5.0-9.1 | 53.00 | 244.00 | 297.00 | NOTE | |
r-patched-linux-x86_64 | 1.5.0-9.1 | 46.01 | 347.10 | 393.11 | NOTE | |
r-release-linux-x86_64 | 1.5.0-9.1 | 49.79 | 351.33 | 401.12 | NOTE | |
r-release-macos-arm64 | 1.5.0-9.1 | 116.00 | NOTE | |||
r-release-macos-x86_64 | 1.5.0-9.1 | 222.00 | NOTE | |||
r-release-windows-x86_64 | 1.5.0-9.1 | 72.00 | 325.00 | 397.00 | NOTE | |
r-oldrel-macos-arm64 | 1.5.0-9.1 | 104.00 | OK | |||
r-oldrel-macos-x86_64 | 1.5.0-9.1 | 152.00 | OK | |||
r-oldrel-windows-x86_64 | 1.5.0-9.1 | 65.00 | 316.00 | 381.00 | NOTE |
Version: 1.5.0-9.1
Check: C++ specification
Result: NOTE
Specified C++11: please drop specification unless essential
Flavors: r-devel-linux-x86_64-debian-clang, r-devel-linux-x86_64-debian-gcc, r-devel-linux-x86_64-fedora-clang, r-devel-linux-x86_64-fedora-gcc, r-devel-windows-x86_64, r-patched-linux-x86_64, r-release-linux-x86_64, r-release-macos-arm64, r-release-macos-x86_64, r-release-windows-x86_64
Version: 1.5.0-9.1
Check: installed package size
Result: NOTE
installed size is 5.1Mb
sub-directories of 1Mb or more:
extdata 3.0Mb
Flavors: r-devel-windows-x86_64, r-release-windows-x86_64, r-oldrel-windows-x86_64