Last updated on 2023-02-02 06:54:53 CET.
Flavor | Version | Tinstall | Tcheck | Ttotal | Status | Flags |
---|---|---|---|---|---|---|
r-devel-linux-x86_64-debian-clang | 1.5.0-9.1 | 48.82 | 361.81 | 410.63 | NOTE | |
r-devel-linux-x86_64-debian-gcc | 1.5.0-9.1 | 42.16 | 259.96 | 302.12 | NOTE | |
r-devel-linux-x86_64-fedora-clang | 1.5.0-9.1 | 493.53 | NOTE | |||
r-devel-linux-x86_64-fedora-gcc | 1.5.0-9.1 | 527.58 | NOTE | |||
r-devel-windows-x86_64 | 1.5.0-9.1 | 68.00 | 375.00 | 443.00 | NOTE | |
r-patched-linux-x86_64 | 1.5.0-9.1 | 50.96 | 332.15 | 383.11 | OK | |
r-release-linux-x86_64 | 1.5.0-9.1 | 41.87 | 339.63 | 381.50 | OK | |
r-release-macos-arm64 | 1.5.0-9.1 | 104.00 | OK | |||
r-release-macos-x86_64 | 1.5.0-9.1 | 152.00 | OK | |||
r-release-windows-x86_64 | 1.5.0-9.1 | 61.00 | 370.00 | 431.00 | NOTE | |
r-oldrel-macos-arm64 | 1.5.0-9.1 | 112.00 | OK | |||
r-oldrel-macos-x86_64 | 1.5.0-9.1 | 144.00 | OK | |||
r-oldrel-windows-ix86+x86_64 | 1.5.0-9.1 | 125.00 | 480.00 | 605.00 | NOTE |
Version: 1.5.0-9.1
Check: C++ specification
Result: NOTE
Specified C++11: please update to current default of C++17
Flavors: r-devel-linux-x86_64-debian-clang, r-devel-linux-x86_64-debian-gcc, r-devel-linux-x86_64-fedora-clang, r-devel-linux-x86_64-fedora-gcc, r-devel-windows-x86_64
Version: 1.5.0-9.1
Check: installed package size
Result: NOTE
installed size is 5.1Mb
sub-directories of 1Mb or more:
extdata 3.0Mb
Flavors: r-devel-windows-x86_64, r-release-windows-x86_64, r-oldrel-windows-ix86+x86_64