CRAN Package Check Results for Package gdns

Last updated on 2022-01-21 07:52:33 CET.

Flavor Version Tinstall Tcheck Ttotal Status Flags
r-devel-linux-x86_64-debian-clang 0.5.0 OK
r-devel-linux-x86_64-debian-gcc 0.5.0 1.91 28.64 30.55 OK
r-devel-linux-x86_64-fedora-clang 0.5.0 50.82 NOTE
r-devel-linux-x86_64-fedora-gcc 0.5.0 37.64 NOTE
r-devel-windows-x86_64-new-UL 0.5.0 35.00 55.00 90.00 OK
r-devel-windows-x86_64-new-TK 0.5.0 NOTE
r-patched-linux-x86_64 0.5.0 2.80 35.53 38.33 OK
r-release-linux-x86_64 0.5.0 2.07 35.59 37.66 OK
r-release-macos-arm64 0.5.0 NOTE
r-release-macos-x86_64 0.5.0 NOTE
r-release-windows-ix86+x86_64 0.5.0 11.00 44.00 55.00 OK
r-oldrel-macos-x86_64 0.5.0 NOTE
r-oldrel-windows-ix86+x86_64 0.5.0 6.00 45.00 51.00 OK

Check Details

Version: 0.5.0
Check: data for non-ASCII characters
Result: NOTE
     Note: found 1 marked UTF-8 string
Flavors: r-devel-linux-x86_64-fedora-clang, r-devel-linux-x86_64-fedora-gcc, r-devel-windows-x86_64-new-TK, r-release-macos-arm64, r-release-macos-x86_64, r-oldrel-macos-x86_64