Last updated on 2023-03-20 05:52:11 CET.
Flavor | Version | Tinstall | Tcheck | Ttotal | Status | Flags |
---|---|---|---|---|---|---|
r-devel-linux-x86_64-debian-clang | 1.2.2 | NOTE | ||||
r-devel-linux-x86_64-debian-gcc | 1.2.2 | 127.28 | 33.15 | 160.43 | NOTE | |
r-devel-linux-x86_64-fedora-clang | 1.2.2 | 309.42 | NOTE | |||
r-devel-linux-x86_64-fedora-gcc | 1.2.2 | 259.94 | NOTE | |||
r-devel-windows-x86_64 | 1.2.2 | 181.00 | 105.00 | 286.00 | NOTE | |
r-patched-linux-x86_64 | 1.2.2 | 136.07 | 41.73 | 177.80 | OK | |
r-release-linux-x86_64 | 1.2.2 | 130.17 | 41.50 | 171.67 | OK | |
r-release-macos-arm64 | 1.2.2 | 67.00 | NOTE | |||
r-release-macos-x86_64 | 1.2.2 | 87.00 | NOTE | |||
r-release-windows-x86_64 | 1.2.2 | 183.00 | 105.00 | 288.00 | OK | |
r-oldrel-macos-arm64 | 1.2.2 | 67.00 | NOTE | |||
r-oldrel-macos-x86_64 | 1.2.2 | 88.00 | NOTE | |||
r-oldrel-windows-ix86+x86_64 | 1.2.2 | 334.00 | 103.00 | 437.00 | NOTE |
Version: 1.2.2
Check: C++ specification
Result: NOTE
Specified C++11: please drop specification unless essential
Flavors: r-devel-linux-x86_64-debian-clang, r-devel-linux-x86_64-debian-gcc, r-devel-linux-x86_64-fedora-clang, r-devel-linux-x86_64-fedora-gcc, r-devel-windows-x86_64
Version: 1.2.2
Check: installed package size
Result: NOTE
installed size is 11.9Mb
sub-directories of 1Mb or more:
doc 1.5Mb
libs 9.4Mb
Flavors: r-release-macos-arm64, r-release-macos-x86_64, r-oldrel-macos-arm64, r-oldrel-macos-x86_64, r-oldrel-windows-ix86+x86_64