CRAN Package Check Results for Package genetics

Last updated on 2020-09-25 06:49:59 CEST.

Flavor Version Tinstall Tcheck Ttotal Status Flags
r-devel-linux-x86_64-debian-clang 1.3.8.1.2 4.93 69.87 74.80 NOTE
r-devel-linux-x86_64-debian-gcc 1.3.8.1.2 5.12 52.42 57.54 NOTE
r-devel-linux-x86_64-fedora-clang 1.3.8.1.2 97.42 NOTE
r-devel-linux-x86_64-fedora-gcc 1.3.8.1.2 88.76 NOTE
r-devel-windows-ix86+x86_64 1.3.8.1.2 10.00 71.00 81.00 OK
r-patched-linux-x86_64 1.3.8.1.2 5.98 66.88 72.86 NOTE
r-patched-solaris-x86 1.3.8.1.2 109.10 NOTE
r-release-linux-x86_64 1.3.8.1.2 6.15 67.23 73.38 NOTE
r-release-macos-x86_64 1.3.8.1.2 NOTE
r-release-windows-ix86+x86_64 1.3.8.1.2 9.00 83.00 92.00 OK
r-oldrel-macos-x86_64 1.3.8.1.2 NOTE
r-oldrel-windows-ix86+x86_64 1.3.8.1.2 19.00 82.00 101.00 OK

Check Details

Version: 1.3.8.1.2
Check: Rd cross-references
Result: NOTE
    Package unavailable to check Rd xrefs: 'GeneticsDesign'
Flavors: r-devel-linux-x86_64-debian-clang, r-devel-linux-x86_64-debian-gcc, r-devel-linux-x86_64-fedora-gcc, r-patched-linux-x86_64, r-patched-solaris-x86, r-release-linux-x86_64, r-release-macos-x86_64, r-oldrel-macos-x86_64

Version: 1.3.8.1.2
Check: Rd cross-references
Result: NOTE
    Undeclared packages ‘bootstrap’, ‘GeneticsDesign’ in Rd xrefs
    Package unavailable to check Rd xrefs: ‘GeneticsDesign’
Flavor: r-devel-linux-x86_64-fedora-clang