Last updated on 2022-07-02 07:06:59 CEST.
Flavor | Version | Tinstall | Tcheck | Ttotal | Status | Flags |
---|---|---|---|---|---|---|
r-devel-linux-x86_64-debian-clang | 1.3.8.1.3 | 5.76 | 72.40 | 78.16 | OK | |
r-devel-linux-x86_64-debian-gcc | 1.3.8.1.3 | 5.12 | 52.08 | 57.20 | OK | |
r-devel-linux-x86_64-fedora-clang | 1.3.8.1.3 | 101.29 | WARN | |||
r-devel-linux-x86_64-fedora-gcc | 1.3.8.1.3 | 101.24 | WARN | |||
r-devel-windows-x86_64 | 1.3.8.1.3 | 48.00 | 100.00 | 148.00 | OK | |
r-patched-linux-x86_64 | 1.3.8.1.3 | 7.10 | 66.95 | 74.05 | OK | |
r-release-linux-x86_64 | 1.3.8.1.3 | 5.88 | 66.68 | 72.56 | OK | |
r-release-macos-arm64 | 1.3.8.1.3 | 26.00 | OK | |||
r-release-macos-x86_64 | 1.3.8.1.3 | 42.00 | OK | |||
r-release-windows-x86_64 | 1.3.8.1.3 | 37.00 | 98.00 | 135.00 | OK | |
r-oldrel-macos-arm64 | 1.3.8.1.3 | 36.00 | OK | |||
r-oldrel-macos-x86_64 | 1.3.8.1.3 | 56.00 | OK | |||
r-oldrel-windows-ix86+x86_64 | 1.3.8.1.3 | 11.00 | 86.00 | 97.00 | OK |
Version: 1.3.8.1.3
Check: package dependencies
Result: WARN
Requires orphaned package: ‘gtools’
Flavors: r-devel-linux-x86_64-fedora-clang, r-devel-linux-x86_64-fedora-gcc
Version: 1.3.8.1.3
Check: Rd cross-references
Result: NOTE
Undeclared package ‘bootstrap’ in Rd xrefs
Flavor: r-devel-linux-x86_64-fedora-clang