CRAN Package Check Results for Package genetics

Last updated on 2021-01-25 06:46:20 CET.

Flavor Version Tinstall Tcheck Ttotal Status Flags
r-devel-linux-x86_64-debian-clang 1.3.8.1.2 5.75 71.92 77.67 NOTE
r-devel-linux-x86_64-debian-gcc 1.3.8.1.2 4.65 52.46 57.11 NOTE
r-devel-linux-x86_64-fedora-clang 1.3.8.1.2 99.80 NOTE
r-devel-linux-x86_64-fedora-gcc 1.3.8.1.2 90.04 NOTE
r-devel-windows-ix86+x86_64 1.3.8.1.2 11.00 82.00 93.00 OK
r-patched-linux-x86_64 1.3.8.1.2 6.60 66.77 73.37 NOTE
r-patched-solaris-x86 1.3.8.1.2 112.00 NOTE
r-release-linux-x86_64 1.3.8.1.2 6.51 66.87 73.38 NOTE
r-release-macos-x86_64 1.3.8.1.2 NOTE
r-release-windows-ix86+x86_64 1.3.8.1.2 11.00 65.00 76.00 OK
r-oldrel-macos-x86_64 1.3.8.1.2 NOTE
r-oldrel-windows-ix86+x86_64 1.3.8.1.2 8.00 78.00 86.00 OK

Check Details

Version: 1.3.8.1.2
Check: Rd cross-references
Result: NOTE
    Unknown package 'GeneticsDesign' in Rd xrefs
Flavors: r-devel-linux-x86_64-debian-clang, r-devel-linux-x86_64-debian-gcc, r-devel-linux-x86_64-fedora-gcc, r-patched-linux-x86_64, r-patched-solaris-x86

Version: 1.3.8.1.2
Check: Rd cross-references
Result: NOTE
    Undeclared packages ‘bootstrap’, ‘GeneticsDesign’ in Rd xrefs
    Unknown package ‘GeneticsDesign’ in Rd xrefs
Flavor: r-devel-linux-x86_64-fedora-clang

Version: 1.3.8.1.2
Check: Rd cross-references
Result: NOTE
    Package unavailable to check Rd xrefs: ‘GeneticsDesign’
Flavors: r-release-linux-x86_64, r-release-macos-x86_64, r-oldrel-macos-x86_64