CRAN Package Check Results for Package genio

Last updated on 2025-01-22 07:50:25 CET.

Flavor Version Tinstall Tcheck Ttotal Status Flags
r-devel-linux-x86_64-debian-clang 1.1.2 18.98 47.13 66.11 OK
r-devel-linux-x86_64-debian-gcc 1.1.2 12.28 34.62 46.90 OK
r-devel-linux-x86_64-fedora-clang 1.1.2 115.75 OK
r-devel-linux-x86_64-fedora-gcc 1.1.2 136.88 OK
r-devel-windows-x86_64 1.1.2 23.00 92.00 115.00 OK
r-patched-linux-x86_64 1.1.2 18.95 44.13 63.08 OK
r-release-linux-x86_64 1.1.2 17.22 43.40 60.62 OK
r-release-macos-arm64 1.1.2 48.00 OK
r-release-macos-x86_64 1.1.2 69.00 OK
r-release-windows-x86_64 1.1.2 23.00 93.00 116.00 OK
r-oldrel-macos-arm64 1.1.2 43.00 NOTE
r-oldrel-macos-x86_64 1.1.2 73.00 OK
r-oldrel-windows-x86_64 1.1.2 26.00 104.00 130.00 OK

Check Details

Version: 1.1.2
Check: package dependencies
Result: NOTE Package suggested but not available for checking: ‘snpStats’ Flavor: r-oldrel-macos-arm64