CRAN Package Check Results for Package geoFourierFDA

Last updated on 2024-06-23 06:56:33 CEST.

Flavor Version Tinstall Tcheck Ttotal Status Flags
r-devel-linux-x86_64-debian-clang 0.1.0 29.77 37.59 67.36 NOTE
r-devel-linux-x86_64-debian-gcc 0.1.0 21.10 28.13 49.23 NOTE
r-devel-linux-x86_64-fedora-clang 0.1.0 97.73 NOTE
r-devel-linux-x86_64-fedora-gcc 0.1.0 93.80 NOTE
r-devel-windows-x86_64 0.1.0 26.00 70.00 96.00 NOTE
r-patched-linux-x86_64 0.1.0 26.05 34.98 61.03 NOTE
r-release-linux-x86_64 0.1.0 26.24 35.90 62.14 NOTE
r-release-macos-arm64 0.1.0 25.00 NOTE
r-release-macos-x86_64 0.1.0 37.00 NOTE
r-release-windows-x86_64 0.1.0 27.00 71.00 98.00 NOTE
r-oldrel-macos-arm64 0.1.0 28.00 NOTE
r-oldrel-macos-x86_64 0.1.0 43.00 NOTE
r-oldrel-windows-x86_64 0.1.0 32.00 79.00 111.00 NOTE

Check Details

Version: 0.1.0
Check: C++ specification
Result: NOTE Specified C++11: please drop specification unless essential Flavors: r-devel-linux-x86_64-debian-clang, r-devel-linux-x86_64-debian-gcc, r-devel-linux-x86_64-fedora-clang, r-devel-linux-x86_64-fedora-gcc, r-devel-windows-x86_64, r-patched-linux-x86_64, r-release-linux-x86_64, r-release-macos-arm64, r-release-macos-x86_64, r-release-windows-x86_64, r-oldrel-macos-arm64, r-oldrel-macos-x86_64, r-oldrel-windows-x86_64