CRAN Package Check Results for Package geoFourierFDA

Last updated on 2023-06-03 07:03:39 CEST.

Flavor Version Tinstall Tcheck Ttotal Status Flags
r-devel-linux-x86_64-debian-clang 0.1.0 28.94 36.04 64.98 NOTE
r-devel-linux-x86_64-debian-gcc 0.1.0 24.48 27.70 52.18 NOTE
r-devel-linux-x86_64-fedora-clang 0.1.0 96.15 NOTE
r-devel-linux-x86_64-fedora-gcc 0.1.0 89.95 NOTE
r-devel-windows-x86_64 0.1.0 26.00 68.00 94.00 NOTE
r-patched-linux-x86_64 0.1.0 NOTE
r-release-linux-x86_64 0.1.0 22.84 35.25 58.09 NOTE
r-release-macos-arm64 0.1.0 28.00 NOTE
r-release-macos-x86_64 0.1.0 43.00 NOTE
r-release-windows-x86_64 0.1.0 32.00 82.00 114.00 NOTE
r-oldrel-macos-arm64 0.1.0 31.00 OK
r-oldrel-macos-x86_64 0.1.0 36.00 OK
r-oldrel-windows-x86_64 0.1.0 31.00 75.00 106.00 OK

Check Details

Version: 0.1.0
Check: C++ specification
Result: NOTE
     Specified C++11: please drop specification unless essential
Flavors: r-devel-linux-x86_64-debian-clang, r-devel-linux-x86_64-debian-gcc, r-devel-linux-x86_64-fedora-clang, r-devel-linux-x86_64-fedora-gcc, r-devel-windows-x86_64, r-patched-linux-x86_64, r-release-linux-x86_64, r-release-macos-arm64, r-release-macos-x86_64, r-release-windows-x86_64