CRAN Package Check Results for Package geoR

Last updated on 2020-08-15 06:47:12 CEST.

Flavor Version Tinstall Tcheck Ttotal Status Flags
r-devel-linux-x86_64-debian-clang 1.8-1 34.99 150.84 185.83 OK
r-devel-linux-x86_64-debian-gcc 1.8-1 26.06 112.55 138.61 OK
r-devel-linux-x86_64-fedora-clang 1.8-1 226.43 NOTE
r-devel-linux-x86_64-fedora-gcc 1.8-1 218.23 OK
r-devel-windows-ix86+x86_64 1.8-1 47.00 186.00 233.00 OK
r-patched-linux-x86_64 1.8-1 34.54 151.70 186.24 OK
r-patched-solaris-x86 1.8-1 287.70 OK
r-release-linux-x86_64 1.8-1 34.76 152.65 187.41 OK
r-release-macos-x86_64 1.8-1 OK
r-release-windows-ix86+x86_64 1.8-1 51.00 165.00 216.00 OK
r-oldrel-macos-x86_64 1.8-1 WARN
r-oldrel-windows-ix86+x86_64 1.8-1 29.00 162.00 191.00 OK

Check Details

Version: 1.8-1
Check: Rd cross-references
Result: NOTE
    Undeclared package ‘car’ in Rd xrefs
Flavor: r-devel-linux-x86_64-fedora-clang

Version: 1.8-1
Check: dependencies in R code
Result: NOTE
    No protocol specified
    No protocol specified
Flavor: r-oldrel-macos-x86_64

Version: 1.8-1
Check: S3 generic/method consistency
Result: WARN
    No protocol specified
    No protocol specified
    See section ‘Generic functions and methods’ in the ‘Writing R
    Extensions’ manual.
Flavor: r-oldrel-macos-x86_64

Version: 1.8-1
Check: replacement functions
Result: WARN
    No protocol specified
    No protocol specified
    The argument of a replacement function which corresponds to the right
    hand side must be named ‘value’.
Flavor: r-oldrel-macos-x86_64

Version: 1.8-1
Check: foreign function calls
Result: NOTE
    No protocol specified
    No protocol specified
    See chapter ‘System and foreign language interfaces’ in the ‘Writing R
    Extensions’ manual.
Flavor: r-oldrel-macos-x86_64

Version: 1.8-1
Check: R code for possible problems
Result: NOTE
    No protocol specified
    No protocol specified
Flavor: r-oldrel-macos-x86_64

Version: 1.8-1
Check: for missing documentation entries
Result: WARN
    No protocol specified
    No protocol specified
    All user-level objects in a package should have documentation entries.
    See chapter ‘Writing R documentation files’ in the ‘Writing R
    Extensions’ manual.
Flavor: r-oldrel-macos-x86_64

Version: 1.8-1
Check: for code/documentation mismatches
Result: WARN
    No protocol specified
    No protocol specified
    No protocol specified
    No protocol specified
    No protocol specified
    No protocol specified
Flavor: r-oldrel-macos-x86_64

Version: 1.8-1
Check: Rd \usage sections
Result: NOTE
    No protocol specified
    No protocol specified
    The \usage entries for S3 methods should use the \method markup and not
    their full name.
    See chapter ‘Writing R documentation files’ in the ‘Writing R
    Extensions’ manual.
Flavor: r-oldrel-macos-x86_64