Last updated on 2023-03-20 05:52:11 CET.
Flavor | Version | Tinstall | Tcheck | Ttotal | Status | Flags |
---|---|---|---|---|---|---|
r-devel-linux-x86_64-debian-clang | 1.0-4 | OK | ||||
r-devel-linux-x86_64-debian-gcc | 1.0-4 | 3.78 | 33.24 | 37.02 | OK | |
r-devel-linux-x86_64-fedora-clang | 1.0-4 | 59.44 | NOTE | |||
r-devel-linux-x86_64-fedora-gcc | 1.0-4 | 66.70 | NOTE | |||
r-devel-windows-x86_64 | 1.0-4 | 23.00 | 71.00 | 94.00 | OK | |
r-patched-linux-x86_64 | 1.0-4 | 3.13 | 42.50 | 45.63 | OK | |
r-release-linux-x86_64 | 1.0-4 | 4.27 | 42.85 | 47.12 | OK | |
r-release-macos-arm64 | 1.0-4 | 22.00 | NOTE | |||
r-release-macos-x86_64 | 1.0-4 | 33.00 | NOTE | |||
r-release-windows-x86_64 | 1.0-4 | 11.00 | 84.00 | 95.00 | OK | |
r-oldrel-macos-arm64 | 1.0-4 | 27.00 | NOTE | |||
r-oldrel-macos-x86_64 | 1.0-4 | 41.00 | NOTE | |||
r-oldrel-windows-ix86+x86_64 | 1.0-4 | 10.00 | 71.00 | 81.00 | OK |
Version: 1.0-4
Check: dependencies in R code
Result: NOTE
Namespaces in Imports field not imported from:
‘maptools’ ‘rgdal’ ‘rgeos’
All declared Imports should be used.
Flavors: r-devel-linux-x86_64-fedora-clang, r-devel-linux-x86_64-fedora-gcc, r-release-macos-arm64, r-release-macos-x86_64, r-oldrel-macos-arm64, r-oldrel-macos-x86_64