Last updated on 2022-05-29 06:51:32 CEST.
Flavor | Version | Tinstall | Tcheck | Ttotal | Status | Flags |
---|---|---|---|---|---|---|
r-devel-linux-x86_64-debian-clang | 0.0.7 | 7.14 | 37.91 | 45.05 | NOTE | |
r-devel-linux-x86_64-debian-gcc | 0.0.7 | 5.94 | 29.10 | 35.04 | NOTE | |
r-devel-linux-x86_64-fedora-clang | 0.0.7 | 53.43 | NOTE | |||
r-devel-linux-x86_64-fedora-gcc | 0.0.7 | 52.80 | NOTE | |||
r-devel-windows-x86_64 | 0.0.7 | 30.00 | 60.00 | 90.00 | NOTE | |
r-patched-linux-x86_64 | 0.0.7 | 6.90 | 36.34 | 43.24 | NOTE | |
r-release-linux-x86_64 | 0.0.7 | 6.91 | 36.41 | 43.32 | NOTE | |
r-release-macos-arm64 | 0.0.7 | 22.00 | NOTE | |||
r-release-macos-x86_64 | 0.0.7 | 29.00 | NOTE | |||
r-release-windows-x86_64 | 0.0.7 | 31.00 | 59.00 | 90.00 | NOTE | |
r-oldrel-macos-arm64 | 0.0.7 | 24.00 | NOTE | |||
r-oldrel-macos-x86_64 | 0.0.7 | 39.00 | NOTE | |||
r-oldrel-windows-ix86+x86_64 | 0.0.7 | 24.00 | 59.00 | 83.00 | NOTE |
Version: 0.0.7
Check: LazyData
Result: NOTE
'LazyData' is specified without a 'data' directory
Flavors: r-devel-linux-x86_64-debian-clang, r-devel-linux-x86_64-debian-gcc, r-devel-linux-x86_64-fedora-clang, r-devel-linux-x86_64-fedora-gcc, r-devel-windows-x86_64, r-patched-linux-x86_64, r-release-linux-x86_64, r-release-macos-arm64, r-release-macos-x86_64, r-release-windows-x86_64, r-oldrel-macos-arm64, r-oldrel-macos-x86_64, r-oldrel-windows-ix86+x86_64