Last updated on 2023-02-02 06:54:53 CET.
Flavor | Version | Tinstall | Tcheck | Ttotal | Status | Flags |
---|---|---|---|---|---|---|
r-devel-linux-x86_64-debian-clang | 2.0.3 | 83.91 | 36.03 | 119.94 | NOTE | |
r-devel-linux-x86_64-debian-gcc | 2.0.3 | 71.65 | 27.15 | 98.80 | NOTE | |
r-devel-linux-x86_64-fedora-clang | 2.0.3 | 190.82 | NOTE | |||
r-devel-linux-x86_64-fedora-gcc | 2.0.3 | 194.17 | NOTE | |||
r-devel-windows-x86_64 | 2.0.3 | 122.00 | 94.00 | 216.00 | NOTE | |
r-patched-linux-x86_64 | 2.0.3 | 75.90 | 35.08 | 110.98 | OK | |
r-release-linux-x86_64 | 2.0.3 | 82.14 | 34.94 | 117.08 | OK | |
r-release-macos-arm64 | 2.0.3 | 48.00 | NOTE | |||
r-release-macos-x86_64 | 2.0.3 | 63.00 | NOTE | |||
r-release-windows-x86_64 | 2.0.3 | 105.00 | 96.00 | 201.00 | OK | |
r-oldrel-macos-arm64 | 2.0.3 | 45.00 | NOTE | |||
r-oldrel-macos-x86_64 | 2.0.3 | 60.00 | NOTE | |||
r-oldrel-windows-ix86+x86_64 | 2.0.3 | 208.00 | 95.00 | 303.00 | OK |
Version: 2.0.3
Check: C++ specification
Result: NOTE
Specified C++11: please update to current default of C++17
Flavors: r-devel-linux-x86_64-debian-clang, r-devel-linux-x86_64-debian-gcc, r-devel-linux-x86_64-fedora-clang, r-devel-linux-x86_64-fedora-gcc, r-devel-windows-x86_64
Version: 2.0.3
Check: installed package size
Result: NOTE
installed size is 6.6Mb
sub-directories of 1Mb or more:
help 1.3Mb
libs 4.5Mb
Flavors: r-release-macos-arm64, r-release-macos-x86_64, r-oldrel-macos-arm64, r-oldrel-macos-x86_64