CRAN Package Check Results for Package geospt

Last updated on 2024-03-02 06:51:54 CET.

Flavor Version Tinstall Tcheck Ttotal Status Flags
r-devel-linux-x86_64-debian-clang 1.0-4 8.91 110.27 119.18 OK
r-devel-linux-x86_64-debian-gcc 1.0-4 7.32 82.78 90.10 OK
r-devel-linux-x86_64-fedora-clang 1.0-4 146.02 NOTE
r-devel-linux-x86_64-fedora-gcc 1.0-4 153.89 NOTE
r-devel-windows-x86_64 1.0-4 11.00 103.00 114.00 OK
r-patched-linux-x86_64 1.0-4 14.11 106.50 120.61 OK
r-release-linux-x86_64 1.0-4 9.38 108.88 118.26 OK
r-release-macos-arm64 1.0-4 49.00 OK
r-release-macos-x86_64 1.0-4 86.00 OK
r-release-windows-x86_64 1.0-4 12.00 123.00 135.00 OK
r-oldrel-macos-arm64 1.0-4 47.00 OK
r-oldrel-windows-x86_64 1.0-4 14.00 129.00 143.00 OK

Check Details

Version: 1.0-4
Check: data for non-ASCII characters
Result: NOTE Note: found 1 marked UTF-8 string Flavors: r-devel-linux-x86_64-fedora-clang, r-devel-linux-x86_64-fedora-gcc