CRAN Package Check Results for Package geostatsp

Last updated on 2020-09-27 06:46:34 CEST.

Flavor Version Tinstall Tcheck Ttotal Status Flags
r-devel-linux-x86_64-debian-clang 1.8.2 26.39 438.50 464.89 NOTE
r-devel-linux-x86_64-debian-gcc 1.8.2 21.88 323.15 345.03 NOTE
r-devel-linux-x86_64-fedora-clang 1.8.2 563.38 NOTE
r-devel-linux-x86_64-fedora-gcc 1.8.2 798.23 NOTE
r-devel-windows-ix86+x86_64 1.8.2 61.00 654.00 715.00 NOTE
r-patched-linux-x86_64 1.8.2 25.89 427.09 452.98 NOTE
r-patched-solaris-x86 1.8.2 849.90 NOTE
r-release-linux-x86_64 1.8.2 24.96 425.27 450.23 NOTE
r-release-macos-x86_64 1.8.2 NOTE
r-release-windows-ix86+x86_64 1.8.2 48.00 665.00 713.00 NOTE
r-oldrel-macos-x86_64 1.8.2 NOTE
r-oldrel-windows-ix86+x86_64 1.8.2 55.00 629.00 684.00 NOTE

Check Details

Version: 1.8.2
Check: package dependencies
Result: NOTE
    Package which this enhances but not available for checking: 'INLA'
Flavors: r-devel-linux-x86_64-debian-clang, r-devel-linux-x86_64-debian-gcc, r-patched-linux-x86_64, r-patched-solaris-x86, r-release-linux-x86_64, r-release-macos-x86_64, r-oldrel-macos-x86_64

Version: 1.8.2
Check: installed package size
Result: NOTE
     installed size is 6.0Mb
     sub-directories of 1Mb or more:
     data 3.8Mb
Flavors: r-devel-linux-x86_64-fedora-clang, r-devel-windows-ix86+x86_64, r-patched-solaris-x86, r-release-macos-x86_64, r-release-windows-ix86+x86_64, r-oldrel-macos-x86_64, r-oldrel-windows-ix86+x86_64

Version: 1.8.2
Check: data for non-ASCII characters
Result: NOTE
     Note: found 4 marked UTF-8 strings
Flavors: r-devel-linux-x86_64-fedora-clang, r-devel-linux-x86_64-fedora-gcc, r-patched-solaris-x86, r-release-macos-x86_64, r-oldrel-macos-x86_64

Version: 1.8.2
Check: dependencies in R code
Result: NOTE
    No protocol specified
    No protocol specified
Flavor: r-oldrel-macos-x86_64