CRAN Package Check Results for Package geouy

Last updated on 2021-11-29 06:48:30 CET.

Flavor Version Tinstall Tcheck Ttotal Status Flags
r-devel-linux-x86_64-debian-clang 0.2.5 OK
r-devel-linux-x86_64-debian-gcc 0.2.5 24.26 181.91 206.17 OK
r-devel-linux-x86_64-fedora-clang 0.2.5 339.89 NOTE
r-devel-linux-x86_64-fedora-gcc 0.2.5 321.20 NOTE
r-devel-windows-x86_64-new-UL 0.2.5 47.00 278.00 325.00 OK
r-devel-windows-x86_64-new-TK 0.2.5 NOTE
r-devel-windows-x86_64-old 0.2.5 36.00 277.00 313.00 OK
r-patched-linux-x86_64 0.2.5 19.47 234.20 253.67 OK
r-patched-solaris-x86 0.2.5 415.40 NOTE
r-release-linux-x86_64 0.2.5 23.92 235.19 259.11 OK
r-release-macos-arm64 0.2.5 NOTE
r-release-macos-x86_64 0.2.5 NOTE
r-release-windows-ix86+x86_64 0.2.5 63.00 194.00 257.00 OK
r-oldrel-macos-x86_64 0.2.5 NOTE
r-oldrel-windows-ix86+x86_64 0.2.5 64.00 264.00 328.00 OK

Check Details

Version: 0.2.5
Check: data for non-ASCII characters
Result: NOTE
     Note: found 64 marked Latin-1 strings
     Note: found 25 marked UTF-8 strings
Flavors: r-devel-linux-x86_64-fedora-clang, r-devel-linux-x86_64-fedora-gcc, r-devel-windows-x86_64-new-TK, r-patched-solaris-x86, r-release-macos-arm64, r-release-macos-x86_64, r-oldrel-macos-x86_64