CRAN Package Check Results for Package geouy

Last updated on 2024-06-17 07:49:35 CEST.

Flavor Version Tinstall Tcheck Ttotal Status Flags
r-devel-linux-x86_64-debian-clang 0.2.8 27.35 334.73 362.08 OK
r-devel-linux-x86_64-debian-gcc 0.2.8 29.74 238.60 268.34 OK
r-devel-linux-x86_64-fedora-clang 0.2.8 455.61 NOTE
r-devel-linux-x86_64-fedora-gcc 0.2.8 435.73 NOTE
r-devel-windows-x86_64 0.2.8 29.00 207.00 236.00 OK
r-patched-linux-x86_64 0.2.8 35.95 321.60 357.55 OK
r-release-linux-x86_64 0.2.8 32.63 323.11 355.74 OK
r-release-macos-arm64 0.2.8 114.00 OK
r-release-macos-x86_64 0.2.8 229.00 OK
r-release-windows-x86_64 0.2.8 29.00 206.00 235.00 OK
r-oldrel-macos-arm64 0.2.8 105.00 OK
r-oldrel-macos-x86_64 0.2.8 223.00 OK
r-oldrel-windows-x86_64 0.2.8 39.00 273.00 312.00 OK

Check Details

Version: 0.2.8
Check: data for non-ASCII characters
Result: NOTE Note: found 64 marked Latin-1 strings Note: found 25 marked UTF-8 strings Flavors: r-devel-linux-x86_64-fedora-clang, r-devel-linux-x86_64-fedora-gcc