CRAN Package Check Results for Package getProxy

Last updated on 2021-01-16 06:51:08 CET.

Flavor Version Tinstall Tcheck Ttotal Status Flags
r-devel-linux-x86_64-debian-clang 1.12 2.55 27.98 30.53 OK
r-devel-linux-x86_64-debian-gcc 1.12 2.15 22.53 24.68 OK
r-devel-linux-x86_64-fedora-clang 1.12 47.31 NOTE
r-devel-linux-x86_64-fedora-gcc 1.12 38.80 NOTE
r-devel-windows-ix86+x86_64 1.12 5.00 37.00 42.00 OK
r-patched-linux-x86_64 1.12 2.71 27.01 29.72 OK
r-patched-solaris-x86 1.12 61.10 NOTE
r-release-linux-x86_64 1.12 2.70 27.28 29.98 OK
r-release-macos-x86_64 1.12 NOTE
r-release-windows-ix86+x86_64 1.12 5.00 36.00 41.00 OK
r-oldrel-macos-x86_64 1.12 NOTE
r-oldrel-windows-ix86+x86_64 1.12 5.00 32.00 37.00 OK

Check Details

Version: 1.12
Check: dependencies in R code
Result: NOTE
    Namespaces in Imports field not imported from:
     ‘bitops’ ‘data.table’ ‘dplyr’ ‘httr’
     All declared Imports should be used.
Flavors: r-devel-linux-x86_64-fedora-clang, r-devel-linux-x86_64-fedora-gcc, r-patched-solaris-x86, r-release-macos-x86_64, r-oldrel-macos-x86_64