CRAN Package Check Results for Package getable

Last updated on 2022-01-17 06:53:17 CET.

Flavor Version Tinstall Tcheck Ttotal Status Flags
r-devel-linux-x86_64-debian-clang 1.0.3 1.32 30.91 32.23 NOTE
r-devel-linux-x86_64-debian-gcc 1.0.3 1.67 25.11 26.78 NOTE
r-devel-linux-x86_64-fedora-clang 1.0.3 42.87 NOTE
r-devel-linux-x86_64-fedora-gcc 1.0.3 31.43 NOTE
r-devel-windows-x86_64-new-UL 1.0.3 59.00 51.00 110.00 NOTE
r-devel-windows-x86_64-new-TK 1.0.3 NOTE
r-patched-linux-x86_64 1.0.3 2.04 30.03 32.07 NOTE
r-release-linux-x86_64 1.0.3 NOTE
r-release-macos-arm64 1.0.3 NOTE
r-release-macos-x86_64 1.0.3 NOTE
r-release-windows-ix86+x86_64 1.0.3 5.00 39.00 44.00 NOTE
r-oldrel-macos-x86_64 1.0.3 OK
r-oldrel-windows-ix86+x86_64 1.0.3 5.00 41.00 46.00 OK

Check Details

Version: 1.0.3
Check: LazyData
Result: NOTE
     'LazyData' is specified without a 'data' directory
Flavors: r-devel-linux-x86_64-debian-clang, r-devel-linux-x86_64-debian-gcc, r-devel-linux-x86_64-fedora-clang, r-devel-linux-x86_64-fedora-gcc, r-devel-windows-x86_64-new-UL, r-devel-windows-x86_64-new-TK, r-patched-linux-x86_64, r-release-linux-x86_64, r-release-macos-arm64, r-release-macos-x86_64, r-release-windows-ix86+x86_64