CRAN Package Check Results for Package gfboost

Last updated on 2022-01-17 06:53:17 CET.

Flavor Version Tinstall Tcheck Ttotal Status Flags
r-devel-linux-x86_64-debian-clang 0.1.1 9.79 126.36 136.15 OK
r-devel-linux-x86_64-debian-gcc 0.1.1 8.41 96.73 105.14 OK
r-devel-linux-x86_64-fedora-clang 0.1.1 162.30 OK
r-devel-linux-x86_64-fedora-gcc 0.1.1 150.73 OK
r-devel-windows-x86_64-new-UL 0.1.1 41.00 146.00 187.00 OK
r-devel-windows-x86_64-new-TK 0.1.1 OK
r-patched-linux-x86_64 0.1.1 8.94 120.90 129.84 OK
r-release-linux-x86_64 0.1.1 OK
r-release-macos-arm64 0.1.1 OK
r-release-macos-x86_64 0.1.1 WARN --as-cran
r-release-windows-ix86+x86_64 0.1.1 19.00 147.00 166.00 OK
r-oldrel-macos-x86_64 0.1.0 OK
r-oldrel-windows-ix86+x86_64 0.1.1 19.00 148.00 167.00 OK

Check Details

Version: 0.1.1
Flags: --as-cran
Check: CRAN incoming feasibility
Result: WARN
    Maintainer: ‘Tino Werner <tino.werner1@uni-oldenburg.de>’
    
    Insufficient package version (submitted: 0.1.1, existing: 0.1.1)
    
    Days since last update: 1
Flavor: r-release-macos-x86_64