CRAN Package Check Results for Package gfilinreg

Last updated on 2021-06-13 06:49:50 CEST.

Flavor Version Tinstall Tcheck Ttotal Status Flags
r-devel-linux-x86_64-debian-clang 2.0.1 52.90 400.83 453.73 OK
r-devel-linux-x86_64-debian-gcc 2.0.1 37.04 256.78 293.82 OK
r-devel-linux-x86_64-fedora-clang 2.0.1 567.54 NOTE
r-devel-linux-x86_64-fedora-gcc 2.0.1 506.54 OK
r-devel-windows-x86_64 2.0.1 64.00 424.00 488.00 OK
r-devel-windows-x86_64-gcc10-UCRT 2.0.1 OK
r-patched-linux-x86_64 2.0.1 41.75 365.13 406.88 OK
r-patched-solaris-x86 2.0.1 843.80 OK
r-release-linux-x86_64 2.0.1 33.67 363.58 397.25 OK
r-release-macos-arm64 2.0.1 NOTE
r-release-macos-x86_64 2.0.1 NOTE
r-release-windows-ix86+x86_64 2.0.1 113.00 486.00 599.00 OK
r-oldrel-macos-x86_64 2.0.1 NOTE
r-oldrel-windows-ix86+x86_64 2.0.1 117.00 484.00 601.00 OK

Check Details

Version: 2.0.1
Check: installed package size
Result: NOTE
     installed size is 6.4Mb
     sub-directories of 1Mb or more:
     libs 6.0Mb
Flavors: r-devel-linux-x86_64-fedora-clang, r-release-macos-arm64, r-release-macos-x86_64, r-oldrel-macos-x86_64