Last updated on 2023-01-28 07:14:56 CET.
Flavor | Version | Tinstall | Tcheck | Ttotal | Status | Flags |
---|---|---|---|---|---|---|
r-devel-linux-x86_64-debian-clang | 1.1.0 | 80.97 | 31.55 | 112.52 | OK | |
r-devel-linux-x86_64-debian-gcc | 1.1.0 | 58.28 | 24.49 | 82.77 | NOTE | |
r-devel-linux-x86_64-fedora-clang | 1.1.0 | 190.26 | OK | |||
r-devel-linux-x86_64-fedora-gcc | 1.1.0 | 147.60 | NOTE | |||
r-devel-windows-x86_64 | 1.1.0 | 67.00 | 81.00 | 148.00 | OK | |
r-patched-linux-x86_64 | 1.1.0 | 60.36 | 31.29 | 91.65 | OK | |
r-release-linux-x86_64 | 1.1.0 | 57.63 | 31.38 | 89.01 | OK | |
r-release-macos-arm64 | 1.1.0 | 40.00 | OK | |||
r-release-macos-x86_64 | 1.1.0 | 53.00 | OK | |||
r-release-windows-x86_64 | 1.1.0 | 64.00 | 84.00 | 148.00 | OK | |
r-oldrel-macos-arm64 | 1.1.0 | 37.00 | OK | |||
r-oldrel-macos-x86_64 | 1.1.0 | 53.00 | OK | |||
r-oldrel-windows-ix86+x86_64 | 1.1.0 | 190.00 | 83.00 | 273.00 | OK |
Version: 1.1.0
Check: C++ specification
Result: NOTE
Specified C++11: please update to current default of C++17
Flavors: r-devel-linux-x86_64-debian-gcc, r-devel-linux-x86_64-fedora-gcc