CRAN Package Check Results for Package gganimate

Last updated on 2022-05-20 06:50:57 CEST.

Flavor Version Tinstall Tcheck Ttotal Status Flags
r-devel-linux-x86_64-debian-clang 1.0.7 13.76 248.70 262.46 NOTE
r-devel-linux-x86_64-debian-gcc 1.0.7 11.65 176.80 188.45 NOTE
r-devel-linux-x86_64-fedora-clang 1.0.7 289.74 NOTE
r-devel-linux-x86_64-fedora-gcc 1.0.7 287.92 NOTE
r-devel-windows-x86_64 1.0.7 89.00 255.00 344.00 NOTE
r-patched-linux-x86_64 1.0.7 14.56 232.29 246.85 NOTE
r-release-linux-x86_64 1.0.7 10.48 226.99 237.47 NOTE
r-release-macos-arm64 1.0.7 128.00 NOTE
r-release-macos-x86_64 1.0.7 211.00 NOTE
r-release-windows-x86_64 1.0.7 65.00 255.00 320.00 NOTE
r-oldrel-macos-arm64 1.0.7 235.00 NOTE
r-oldrel-macos-x86_64 1.0.7 222.00 NOTE
r-oldrel-windows-ix86+x86_64 1.0.7 31.00 236.00 267.00 NOTE

Check Details

Version: 1.0.7
Check: LazyData
Result: NOTE
     'LazyData' is specified without a 'data' directory
Flavors: r-devel-linux-x86_64-debian-clang, r-devel-linux-x86_64-debian-gcc, r-devel-linux-x86_64-fedora-clang, r-devel-linux-x86_64-fedora-gcc, r-devel-windows-x86_64, r-patched-linux-x86_64, r-release-linux-x86_64, r-release-macos-arm64, r-release-macos-x86_64, r-release-windows-x86_64, r-oldrel-macos-arm64, r-oldrel-macos-x86_64, r-oldrel-windows-ix86+x86_64