CRAN Package Check Results for Package ggconf

Last updated on 2022-05-18 06:50:42 CEST.

Flavor Version Tinstall Tcheck Ttotal Status Flags
r-devel-linux-x86_64-debian-clang 0.1.3 27.44 75.96 103.40 NOTE
r-devel-linux-x86_64-debian-gcc 0.1.3 24.63 56.45 81.08 NOTE
r-devel-linux-x86_64-fedora-clang 0.1.3 128.67 NOTE
r-devel-linux-x86_64-fedora-gcc 0.1.3 112.50 NOTE
r-devel-windows-x86_64 0.1.3 70.00 94.00 164.00 NOTE
r-patched-linux-x86_64 0.1.3 27.86 70.13 97.99 NOTE
r-release-linux-x86_64 0.1.3 25.86 70.97 96.83 NOTE
r-release-macos-arm64 0.1.3 33.00 NOTE
r-release-macos-x86_64 0.1.3 58.00 NOTE
r-release-windows-x86_64 0.1.3 74.00 98.00 172.00 NOTE
r-oldrel-macos-arm64 0.1.3 39.00 NOTE
r-oldrel-macos-x86_64 0.1.3 53.00 NOTE
r-oldrel-windows-ix86+x86_64 0.1.3 50.00 82.00 132.00 NOTE

Check Details

Version: 0.1.3
Check: LazyData
Result: NOTE
     'LazyData' is specified without a 'data' directory
Flavors: r-devel-linux-x86_64-debian-clang, r-devel-linux-x86_64-debian-gcc, r-devel-linux-x86_64-fedora-clang, r-devel-linux-x86_64-fedora-gcc, r-devel-windows-x86_64, r-patched-linux-x86_64, r-release-linux-x86_64, r-release-macos-arm64, r-release-macos-x86_64, r-release-windows-x86_64, r-oldrel-macos-arm64, r-oldrel-macos-x86_64, r-oldrel-windows-ix86+x86_64