Last updated on 2023-04-02 06:50:27 CEST.
Flavor | Version | Tinstall | Tcheck | Ttotal | Status | Flags |
---|---|---|---|---|---|---|
r-devel-linux-x86_64-debian-clang | 1.0.1 | 3.57 | 183.54 | 187.11 | OK | |
r-devel-linux-x86_64-debian-gcc | 1.0.1 | 3.42 | 141.65 | 145.07 | OK | |
r-devel-linux-x86_64-fedora-clang | 1.0.1 | 228.35 | NOTE | |||
r-devel-linux-x86_64-fedora-gcc | 1.0.1 | 259.88 | NOTE | |||
r-devel-windows-x86_64 | 1.0.1 | 9.00 | 250.00 | 259.00 | OK | |
r-patched-linux-x86_64 | 1.0.1 | 5.41 | 179.24 | 184.65 | OK | |
r-release-linux-x86_64 | 1.0.1 | 4.49 | 185.76 | 190.25 | OK | |
r-release-macos-arm64 | 1.0.1 | 99.00 | NOTE | |||
r-release-macos-x86_64 | 1.0.1 | 158.00 | NOTE | |||
r-release-windows-x86_64 | 1.0.1 | 13.00 | 243.00 | 256.00 | OK | |
r-oldrel-macos-arm64 | 1.0.1 | 123.00 | NOTE | |||
r-oldrel-macos-x86_64 | 1.0.1 | 168.00 | NOTE | |||
r-oldrel-windows-ix86+x86_64 | 1.0.1 | 10.00 | 221.00 | 231.00 | OK |
Version: 1.0.1
Check: dependencies in R code
Result: NOTE
Namespace in Imports field not imported from: ‘tibble’
All declared Imports should be used.
Flavors: r-devel-linux-x86_64-fedora-clang, r-devel-linux-x86_64-fedora-gcc, r-release-macos-arm64, r-release-macos-x86_64, r-oldrel-macos-arm64, r-oldrel-macos-x86_64
Version: 1.0.1
Check: data for non-ASCII characters
Result: NOTE
Note: found 2356 marked UTF-8 strings
Flavors: r-devel-linux-x86_64-fedora-clang, r-devel-linux-x86_64-fedora-gcc, r-release-macos-arm64, r-release-macos-x86_64, r-oldrel-macos-arm64, r-oldrel-macos-x86_64