CRAN Package Check Results for Package ggenealogy

Last updated on 2020-08-14 06:48:55 CEST.

Flavor Version Tinstall Tcheck Ttotal Status Flags
r-devel-linux-x86_64-debian-clang 1.0.1 3.56 174.08 177.64 OK
r-devel-linux-x86_64-debian-gcc 1.0.1 3.31 137.15 140.46 OK
r-devel-linux-x86_64-fedora-clang 1.0.1 211.43 NOTE
r-devel-linux-x86_64-fedora-gcc 1.0.1 214.09 NOTE
r-devel-windows-ix86+x86_64 1.0.1 13.00 230.00 243.00 OK
r-patched-linux-x86_64 1.0.1 4.11 173.77 177.88 OK
r-patched-solaris-x86 1.0.1 275.40 NOTE
r-release-linux-x86_64 1.0.1 3.54 177.93 181.47 OK
r-release-macos-x86_64 1.0.1 NOTE
r-release-windows-ix86+x86_64 1.0.1 13.00 239.00 252.00 OK
r-oldrel-macos-x86_64 1.0.1 NOTE
r-oldrel-windows-ix86+x86_64 1.0.1 8.00 181.00 189.00 OK

Check Details

Version: 1.0.1
Check: dependencies in R code
Result: NOTE
    Namespace in Imports field not imported from: ‘tibble’
     All declared Imports should be used.
Flavors: r-devel-linux-x86_64-fedora-clang, r-devel-linux-x86_64-fedora-gcc, r-patched-solaris-x86, r-release-macos-x86_64, r-oldrel-macos-x86_64

Version: 1.0.1
Check: data for non-ASCII characters
Result: NOTE
     Note: found 2356 marked UTF-8 strings
Flavors: r-devel-linux-x86_64-fedora-clang, r-devel-linux-x86_64-fedora-gcc, r-patched-solaris-x86, r-release-macos-x86_64, r-oldrel-macos-x86_64