Last updated on 2023-03-28 06:51:16 CEST.
Flavor | Version | Tinstall | Tcheck | Ttotal | Status | Flags |
---|---|---|---|---|---|---|
r-devel-linux-x86_64-debian-clang | 0.2.1 | 9.99 | 125.26 | 135.25 | OK | |
r-devel-linux-x86_64-debian-gcc | 0.2.1 | 6.90 | 91.74 | 98.64 | OK | |
r-devel-linux-x86_64-fedora-clang | 0.2.1 | 163.11 | NOTE | |||
r-devel-linux-x86_64-fedora-gcc | 0.2.1 | 183.96 | NOTE | |||
r-devel-windows-x86_64 | 0.2.1 | 22.00 | 109.00 | 131.00 | WARN | |
r-patched-linux-x86_64 | 0.2.1 | 8.60 | 118.93 | 127.53 | OK | |
r-release-linux-x86_64 | 0.2.1 | 6.22 | 122.19 | 128.41 | OK | |
r-release-macos-arm64 | 0.2.1 | 5.00 | ERROR | |||
r-release-macos-x86_64 | 0.2.1 | 8.00 | ERROR | |||
r-release-windows-x86_64 | 0.2.1 | 31.00 | 162.00 | 193.00 | OK | |
r-oldrel-macos-arm64 | 0.2.1 | 9.00 | ERROR | |||
r-oldrel-macos-x86_64 | 0.2.1 | 11.00 | ERROR | |||
r-oldrel-windows-ix86+x86_64 | 0.2.1 | 25.00 | 157.00 | 182.00 | OK |
Version: 0.2.1
Check: dependencies in R code
Result: NOTE
Namespaces in Imports field not imported from:
‘cowplot’ ‘ggsci’ ‘memes’ ‘universalmotif’
All declared Imports should be used.
Flavors: r-devel-linux-x86_64-fedora-clang, r-devel-linux-x86_64-fedora-gcc
Version: 0.2.1
Check: whether the package can be loaded with stated dependencies
Result: WARN
Error: package or namespace load failed for 'ggmotif':
cannot allocate vector of size 356 Kb
Execution halted
It looks like this package (or one of its dependent packages) has an
unstated dependence on a standard package. All dependencies must be
declared in DESCRIPTION.
See section 'The DESCRIPTION file' in the 'Writing R Extensions'
manual.
Flavor: r-devel-windows-x86_64
Version: 0.2.1
Check: package dependencies
Result: ERROR
Packages required but not available: 'memes', 'universalmotif'
See section ‘The DESCRIPTION file’ in the ‘Writing R Extensions’
manual.
Flavors: r-release-macos-arm64, r-release-macos-x86_64, r-oldrel-macos-arm64, r-oldrel-macos-x86_64