Last updated on 2021-01-18 06:46:34 CET.
Flavor | Version | Tinstall | Tcheck | Ttotal | Status | Flags |
---|---|---|---|---|---|---|
r-devel-linux-x86_64-debian-clang | 0.0.5 | 15.18 | 184.54 | 199.72 | OK | |
r-devel-linux-x86_64-debian-gcc | 0.0.5 | 12.57 | 136.27 | 148.84 | OK | |
r-devel-linux-x86_64-fedora-clang | 0.0.5 | 248.17 | OK | |||
r-devel-linux-x86_64-fedora-gcc | 0.0.5 | 234.40 | OK | |||
r-devel-windows-ix86+x86_64 | 0.0.5 | 25.00 | 224.00 | 249.00 | OK | |
r-patched-linux-x86_64 | 0.0.5 | 10.68 | 171.15 | 181.83 | OK | |
r-patched-solaris-x86 | 0.0.5 | 353.60 | OK | |||
r-release-linux-x86_64 | 0.0.5 | 15.11 | 170.83 | 185.94 | OK | |
r-release-macos-x86_64 | 0.0.5 | NOTE | ||||
r-release-windows-ix86+x86_64 | 0.0.5 | 32.00 | 217.00 | 249.00 | OK | |
r-oldrel-macos-x86_64 | 0.0.5 | ERROR | ||||
r-oldrel-windows-ix86+x86_64 | 0.0.5 | 32.00 | 260.00 | 292.00 | OK |
Version: 0.0.5
Check: package dependencies
Result: NOTE
Package suggested but not available for checking: ‘ggtree’
Flavor: r-release-macos-x86_64
Version: 0.0.5
Check: package dependencies
Result: ERROR
Package required but not available: ‘aplot’
See section ‘The DESCRIPTION file’ in the ‘Writing R Extensions’
manual.
Flavor: r-oldrel-macos-x86_64