Last updated on 2025-04-30 06:51:18 CEST.
Flavor | Version | Tinstall | Tcheck | Ttotal | Status | Flags |
---|---|---|---|---|---|---|
r-devel-linux-x86_64-debian-clang | 0.1.5 | 3.83 | 39.54 | 43.37 | NOTE | |
r-devel-linux-x86_64-debian-gcc | 0.1.5 | 2.80 | 29.75 | 32.55 | OK | |
r-devel-linux-x86_64-fedora-clang | 0.1.5 | 65.01 | OK | |||
r-devel-linux-x86_64-fedora-gcc | 0.1.5 | 63.86 | OK | |||
r-devel-windows-x86_64 | 0.1.5 | 7.00 | 62.00 | 69.00 | OK | |
r-patched-linux-x86_64 | 0.1.5 | 4.08 | 36.24 | 40.32 | OK | |
r-release-linux-x86_64 | 0.1.5 | 3.92 | 36.43 | 40.35 | OK | |
r-release-macos-arm64 | 0.1.5 | 23.00 | OK | |||
r-release-macos-x86_64 | 0.1.5 | 41.00 | OK | |||
r-release-windows-x86_64 | 0.1.5 | 7.00 | 61.00 | 68.00 | OK | |
r-oldrel-macos-arm64 | 0.1.5 | 23.00 | OK | |||
r-oldrel-macos-x86_64 | 0.1.5 | 36.00 | OK | |||
r-oldrel-windows-x86_64 | 0.1.5 | 9.00 | 67.00 | 76.00 | OK |
Version: 0.1.5
Check: examples
Result: NOTE
Examples with CPU (user + system) or elapsed time > 5s
user system elapsed
plate_plot 2.783 0.142 5.207
Flavor: r-devel-linux-x86_64-debian-clang