CRAN Package Check Results for Package ggplotAssist

Last updated on 2020-09-27 06:46:34 CEST.

Flavor Version Tinstall Tcheck Ttotal Status Flags
r-devel-linux-x86_64-debian-clang 0.1.3 7.49 63.10 70.59 OK
r-devel-linux-x86_64-debian-gcc 0.1.3 6.56 47.45 54.01 OK
r-devel-linux-x86_64-fedora-clang 0.1.3 101.46 NOTE
r-devel-linux-x86_64-fedora-gcc 0.1.3 92.21 NOTE
r-devel-windows-ix86+x86_64 0.1.3 20.00 105.00 125.00 OK
r-patched-linux-x86_64 0.1.3 7.28 58.89 66.17 OK
r-patched-solaris-x86 0.1.3 114.90 NOTE
r-release-linux-x86_64 0.1.3 7.33 58.60 65.93 OK
r-release-macos-x86_64 0.1.3 NOTE
r-release-windows-ix86+x86_64 0.1.3 20.00 86.00 106.00 OK
r-oldrel-macos-x86_64 0.1.3 NOTE
r-oldrel-windows-ix86+x86_64 0.1.3 16.00 80.00 96.00 OK

Check Details

Version: 0.1.3
Check: dependencies in R code
Result: NOTE
    Namespaces in Imports field not imported from:
     ‘gcookbook’ ‘ggthemes’ ‘moonBook’ ‘tidyverse’
     All declared Imports should be used.
Flavors: r-devel-linux-x86_64-fedora-clang, r-devel-linux-x86_64-fedora-gcc, r-patched-solaris-x86, r-release-macos-x86_64, r-oldrel-macos-x86_64