CRAN Package Check Results for Package ggplotAssist

Last updated on 2024-06-17 07:49:35 CEST.

Flavor Version Tinstall Tcheck Ttotal Status Flags
r-devel-linux-x86_64-debian-clang 0.1.3 8.92 74.96 83.88 NOTE
r-devel-linux-x86_64-debian-gcc 0.1.3 8.67 58.56 67.23 NOTE
r-devel-linux-x86_64-fedora-clang 0.1.3 111.04 NOTE
r-devel-linux-x86_64-fedora-gcc 0.1.3 116.59 NOTE
r-devel-windows-x86_64 0.1.3 11.00 77.00 88.00 NOTE
r-patched-linux-x86_64 0.1.3 6.93 73.20 80.13 NOTE
r-release-linux-x86_64 0.1.3 6.53 72.68 79.21 NOTE
r-release-macos-arm64 0.1.3 37.00 NOTE
r-release-macos-x86_64 0.1.3 63.00 NOTE
r-release-windows-x86_64 0.1.3 10.00 74.00 84.00 NOTE
r-oldrel-macos-arm64 0.1.3 42.00 NOTE
r-oldrel-macos-x86_64 0.1.3 75.00 NOTE
r-oldrel-windows-x86_64 0.1.3 13.00 88.00 101.00 NOTE

Check Details

Version: 0.1.3
Check: LazyData
Result: NOTE 'LazyData' is specified without a 'data' directory Flavors: r-devel-linux-x86_64-debian-clang, r-devel-linux-x86_64-debian-gcc, r-devel-linux-x86_64-fedora-clang, r-devel-linux-x86_64-fedora-gcc, r-devel-windows-x86_64, r-patched-linux-x86_64, r-release-linux-x86_64, r-release-macos-arm64, r-release-macos-x86_64, r-release-windows-x86_64, r-oldrel-macos-arm64, r-oldrel-macos-x86_64, r-oldrel-windows-x86_64

Version: 0.1.3
Check: dependencies in R code
Result: NOTE Namespaces in Imports field not imported from: ‘gcookbook’ ‘ggthemes’ ‘moonBook’ ‘tidyverse’ All declared Imports should be used. Flavors: r-devel-linux-x86_64-fedora-clang, r-devel-linux-x86_64-fedora-gcc