CRAN Package Check Results for Package ggpointdensity

Last updated on 2022-01-17 06:53:17 CET.

Flavor Version Tinstall Tcheck Ttotal Status Flags
r-devel-linux-x86_64-debian-clang 0.1.0 4.11 57.81 61.92 NOTE
r-devel-linux-x86_64-debian-gcc 0.1.0 3.24 44.75 47.99 NOTE
r-devel-linux-x86_64-fedora-clang 0.1.0 77.16 NOTE
r-devel-linux-x86_64-fedora-gcc 0.1.0 64.96 NOTE
r-devel-windows-x86_64-new-UL 0.1.0 39.00 78.00 117.00 NOTE
r-devel-windows-x86_64-new-TK 0.1.0 NOTE
r-patched-linux-x86_64 0.1.0 6.93 56.34 63.27 NOTE
r-release-linux-x86_64 0.1.0 NOTE
r-release-macos-arm64 0.1.0 NOTE
r-release-macos-x86_64 0.1.0 NOTE
r-release-windows-ix86+x86_64 0.1.0 14.00 97.00 111.00 NOTE
r-oldrel-macos-x86_64 0.1.0 OK
r-oldrel-windows-ix86+x86_64 0.1.0 15.00 96.00 111.00 OK

Check Details

Version: 0.1.0
Check: LazyData
Result: NOTE
     'LazyData' is specified without a 'data' directory
Flavors: r-devel-linux-x86_64-debian-clang, r-devel-linux-x86_64-debian-gcc, r-devel-linux-x86_64-fedora-clang, r-devel-linux-x86_64-fedora-gcc, r-devel-windows-x86_64-new-UL, r-devel-windows-x86_64-new-TK, r-patched-linux-x86_64, r-release-linux-x86_64, r-release-macos-arm64, r-release-macos-x86_64, r-release-windows-ix86+x86_64