Last updated on 2023-03-26 06:53:25 CEST.
Flavor | Version | Tinstall | Tcheck | Ttotal | Status | Flags |
---|---|---|---|---|---|---|
r-devel-linux-x86_64-debian-clang | 0.2.2 | 7.76 | 64.72 | 72.48 | OK | |
r-devel-linux-x86_64-debian-gcc | 0.2.2 | 5.08 | 49.31 | 54.39 | OK | |
r-devel-linux-x86_64-fedora-clang | 0.2.2 | 92.36 | NOTE | |||
r-devel-linux-x86_64-fedora-gcc | 0.2.2 | 97.21 | NOTE | |||
r-patched-linux-x86_64 | 0.2.2 | 14.50 | 64.26 | 78.76 | OK | |
r-release-linux-x86_64 | 0.2.2 | 6.94 | 65.57 | 72.51 | OK | |
r-release-macos-arm64 | 0.2.2 | 35.00 | NOTE | |||
r-release-macos-x86_64 | 0.2.2 | 48.00 | NOTE | |||
r-release-windows-x86_64 | 0.2.2 | 86.00 | 118.00 | 204.00 | OK | |
r-oldrel-macos-arm64 | 0.2.2 | 32.00 | NOTE | |||
r-oldrel-macos-x86_64 | 0.2.2 | 49.00 | NOTE | |||
r-oldrel-windows-ix86+x86_64 | 0.2.2 | 18.00 | 94.00 | 112.00 | OK |
Version: 0.2.2
Check: package dependencies
Result: NOTE
Imports includes 28 non-default packages.
Importing from so many packages makes the package vulnerable to any of
them becoming unavailable. Move as many as possible to Suggests and
use conditionally.
Flavor: r-devel-linux-x86_64-fedora-clang
Version: 0.2.2
Check: dependencies in R code
Result: NOTE
Namespaces in Imports field not imported from:
‘DT’ ‘Formula’ ‘GGally’ ‘Hmisc’ ‘RPostgres’ ‘colourpicker’ ‘dplyr’
‘ggpmisc’ ‘ggpubr’ ‘ggrepel’ ‘gridExtra’ ‘markdown’ ‘plotly’
‘quantreg’ ‘rlang’ ‘shinyFiles’ ‘shinyjqui’ ‘shinyjs’ ‘survival’
‘survminer’ ‘table1’ ‘tidyr’ ‘zoo’
All declared Imports should be used.
Flavors: r-devel-linux-x86_64-fedora-clang, r-devel-linux-x86_64-fedora-gcc, r-release-macos-arm64, r-release-macos-x86_64, r-oldrel-macos-arm64, r-oldrel-macos-x86_64