CRAN Package Check Results for Package ggquickeda

Last updated on 2020-10-28 05:48:34 CET.

Flavor Version Tinstall Tcheck Ttotal Status Flags
r-devel-linux-x86_64-debian-clang 0.1.7 6.02 45.52 51.54 OK
r-devel-linux-x86_64-debian-gcc 0.1.7 4.44 34.47 38.91 OK
r-devel-linux-x86_64-fedora-clang 0.1.7 73.65 NOTE
r-devel-linux-x86_64-fedora-gcc 0.1.7 61.13 NOTE
r-devel-windows-ix86+x86_64 0.1.7 14.00 73.00 87.00 OK
r-patched-linux-x86_64 0.1.7 OK
r-patched-solaris-x86 0.1.7 89.20 NOTE
r-release-linux-x86_64 0.1.7 5.26 41.56 46.82 OK
r-release-macos-x86_64 0.1.7 NOTE
r-release-windows-ix86+x86_64 0.1.7 10.00 49.00 59.00 OK
r-oldrel-macos-x86_64 0.1.7 NOTE
r-oldrel-windows-ix86+x86_64 0.1.7 9.00 63.00 72.00 OK

Check Details

Version: 0.1.7
Check: package dependencies
Result: NOTE
    Imports includes 26 non-default packages.
    Importing from so many packages makes the package vulnerable to any of
    them becoming unavailable. Move as many as possible to Suggests and
    use conditionally.
Flavor: r-devel-linux-x86_64-fedora-clang

Version: 0.1.7
Check: dependencies in R code
Result: NOTE
    Namespaces in Imports field not imported from:
     ‘DT’ ‘Formula’ ‘GGally’ ‘Hmisc’ ‘colourpicker’ ‘dplyr’ ‘ggpmisc’
     ‘ggpubr’ ‘ggrepel’ ‘ggstance’ ‘grDevices’ ‘grid’ ‘gridExtra’
     ‘lazyeval’ ‘markdown’ ‘plotly’ ‘quantreg’ ‘rlang’ ‘shinyjqui’
     ‘shinyjs’ ‘survival’ ‘survminer’ ‘table1’ ‘tidyr’
     All declared Imports should be used.
Flavors: r-devel-linux-x86_64-fedora-clang, r-devel-linux-x86_64-fedora-gcc, r-patched-solaris-x86, r-release-macos-x86_64, r-oldrel-macos-x86_64