CRAN Package Check Results for Package ggseg3d

Last updated on 2022-08-15 06:49:08 CEST.

Flavor Version Tinstall Tcheck Ttotal Status Flags
r-devel-linux-x86_64-debian-clang 1.6.3 18.58 95.65 114.23 OK
r-devel-linux-x86_64-debian-gcc 1.6.3 15.52 70.87 86.39 OK
r-devel-linux-x86_64-fedora-clang 1.6.3 148.20 NOTE
r-devel-linux-x86_64-fedora-gcc 1.6.3 142.22 NOTE
r-devel-windows-x86_64 1.6.3 24.00 116.00 140.00 OK
r-patched-linux-x86_64 1.6.3 17.60 89.45 107.05 OK
r-release-linux-x86_64 1.6.3 18.66 90.53 109.19 OK
r-release-macos-arm64 1.6.3 45.00 NOTE
r-release-macos-x86_64 1.6.3 73.00 NOTE
r-release-windows-x86_64 1.6.3 25.00 117.00 142.00 OK
r-oldrel-macos-arm64 1.6.3 57.00 NOTE
r-oldrel-macos-x86_64 1.6.3 57.00 NOTE
r-oldrel-windows-ix86+x86_64 1.6.3 33.00 114.00 147.00 OK

Check Details

Version: 1.6.3
Check: dependencies in R code
Result: NOTE
    Namespaces in Imports field not imported from:
     ‘magrittr’ ‘utils’
     All declared Imports should be used.
Flavors: r-devel-linux-x86_64-fedora-clang, r-devel-linux-x86_64-fedora-gcc, r-release-macos-arm64, r-release-macos-x86_64, r-oldrel-macos-arm64, r-oldrel-macos-x86_64