CRAN Package Check Results for Package ggthemes

Last updated on 2021-12-01 06:49:29 CET.

Flavor Version Tinstall Tcheck Ttotal Status Flags
r-devel-linux-x86_64-debian-clang 4.2.4 9.20 108.31 117.51 OK
r-devel-linux-x86_64-debian-gcc 4.2.4 7.78 86.00 93.78 OK
r-devel-linux-x86_64-fedora-clang 4.2.4 147.93 NOTE
r-devel-linux-x86_64-fedora-gcc 4.2.4 132.59 NOTE
r-devel-windows-x86_64-new-UL 4.2.4 28.00 160.00 188.00 OK
r-devel-windows-x86_64-new-TK 4.2.4 NOTE
r-devel-windows-x86_64-old 4.2.4 17.00 101.00 118.00 OK
r-patched-linux-x86_64 4.2.4 13.18 96.66 109.84 OK
r-patched-solaris-x86 4.2.4 170.20 NOTE
r-release-linux-x86_64 4.2.4 9.08 95.51 104.59 OK
r-release-macos-arm64 4.2.4 NOTE
r-release-macos-x86_64 4.2.4 NOTE
r-release-windows-ix86+x86_64 4.2.4 21.00 94.00 115.00 OK
r-oldrel-macos-x86_64 4.2.4 NOTE
r-oldrel-windows-ix86+x86_64 4.2.4 15.00 101.00 116.00 OK

Check Details

Version: 4.2.4
Check: data for non-ASCII characters
Result: NOTE
     Note: found 138 marked UTF-8 strings
Flavors: r-devel-linux-x86_64-fedora-clang, r-devel-linux-x86_64-fedora-gcc, r-devel-windows-x86_64-new-TK, r-patched-solaris-x86, r-release-macos-arm64, r-release-macos-x86_64, r-oldrel-macos-x86_64