CRAN Package Check Results for Package ghcm

Last updated on 2023-02-02 06:54:54 CET.

Flavor Version Tinstall Tcheck Ttotal Status Flags
r-devel-linux-x86_64-debian-clang 3.0.0 24.15 313.12 337.27 NOTE
r-devel-linux-x86_64-debian-gcc 3.0.0 16.13 224.58 240.71 NOTE
r-devel-linux-x86_64-fedora-clang 3.0.0 418.21 NOTE
r-devel-linux-x86_64-fedora-gcc 3.0.0 406.44 NOTE
r-devel-windows-x86_64 3.0.0 26.00 385.00 411.00 NOTE
r-patched-linux-x86_64 3.0.0 18.63 312.75 331.38 OK
r-release-linux-x86_64 3.0.0 16.94 307.41 324.35 OK
r-release-macos-arm64 3.0.0 148.00 NOTE
r-release-macos-x86_64 3.0.0 206.00 NOTE
r-release-windows-x86_64 3.0.0 26.00 394.00 420.00 OK
r-oldrel-macos-arm64 3.0.0 102.00 NOTE
r-oldrel-macos-x86_64 3.0.0 160.00 NOTE
r-oldrel-windows-ix86+x86_64 3.0.0 52.00 457.00 509.00 NOTE

Check Details

Version: 3.0.0
Check: package subdirectories
Result: NOTE
    Problems with news in ‘NEWS.md’:
    No news entries found.
Flavors: r-devel-linux-x86_64-debian-clang, r-devel-linux-x86_64-debian-gcc, r-devel-linux-x86_64-fedora-clang, r-devel-linux-x86_64-fedora-gcc, r-devel-windows-x86_64

Version: 3.0.0
Check: dependencies in R code
Result: NOTE
    Namespaces in Imports field not imported from:
     ‘MASS’ ‘graphics’ ‘refund’ ‘stats’ ‘utils’
     All declared Imports should be used.
Flavors: r-devel-linux-x86_64-fedora-clang, r-devel-linux-x86_64-fedora-gcc, r-release-macos-arm64, r-release-macos-x86_64, r-oldrel-macos-arm64, r-oldrel-macos-x86_64

Version: 3.0.0
Check: installed package size
Result: NOTE
     installed size is 5.5Mb
     sub-directories of 1Mb or more:
     data 1.6Mb
     doc 1.8Mb
     libs 2.0Mb
Flavor: r-oldrel-windows-ix86+x86_64