Last updated on 2022-07-06 06:52:51 CEST.
Flavor | Version | Tinstall | Tcheck | Ttotal | Status | Flags |
---|---|---|---|---|---|---|
r-devel-linux-x86_64-debian-clang | 1.1.0 | 35.77 | 284.85 | 320.62 | OK | |
r-devel-linux-x86_64-debian-gcc | 1.1.0 | 28.21 | 200.89 | 229.10 | OK | |
r-devel-linux-x86_64-fedora-clang | 1.1.0 | 374.91 | NOTE | |||
r-devel-linux-x86_64-fedora-gcc | 1.1.0 | 378.19 | NOTE | |||
r-devel-windows-x86_64 | 1.1.0 | 93.00 | 332.00 | 425.00 | OK | |
r-patched-linux-x86_64 | 1.1.0 | 36.88 | 258.50 | 295.38 | OK | |
r-release-linux-x86_64 | 1.1.0 | 33.85 | 265.91 | 299.76 | OK | |
r-release-macos-arm64 | 1.1.0 | 96.00 | NOTE | |||
r-release-macos-x86_64 | 1.1.0 | 165.00 | NOTE | |||
r-release-windows-x86_64 | 1.1.0 | 76.00 | 325.00 | 401.00 | OK | |
r-oldrel-macos-arm64 | 1.1.0 | 105.00 | NOTE | |||
r-oldrel-macos-x86_64 | 1.1.0 | 126.00 | NOTE | |||
r-oldrel-windows-ix86+x86_64 | 1.1.0 | 59.00 | 324.00 | 383.00 | OK |
Version: 1.1.0
Check: dependencies in R code
Result: NOTE
Namespace in Imports field not imported from: ‘methods’
All declared Imports should be used.
Flavors: r-devel-linux-x86_64-fedora-clang, r-devel-linux-x86_64-fedora-gcc, r-release-macos-arm64, r-release-macos-x86_64, r-oldrel-macos-arm64, r-oldrel-macos-x86_64
Version: 1.1.0
Check: data for non-ASCII characters
Result: NOTE
Note: found 11 marked UTF-8 strings
Flavors: r-devel-linux-x86_64-fedora-clang, r-devel-linux-x86_64-fedora-gcc, r-release-macos-arm64, r-release-macos-x86_64, r-oldrel-macos-arm64, r-oldrel-macos-x86_64