Last updated on 2023-03-27 06:50:08 CEST.
Flavor | Version | Tinstall | Tcheck | Ttotal | Status | Flags |
---|---|---|---|---|---|---|
r-devel-linux-x86_64-debian-clang | 0.0.4 | 5.28 | 44.58 | 49.86 | NOTE | |
r-devel-linux-x86_64-debian-gcc | 0.0.4 | 4.12 | 33.79 | 37.91 | NOTE | |
r-devel-linux-x86_64-fedora-clang | 0.0.4 | 63.10 | NOTE | |||
r-devel-linux-x86_64-fedora-gcc | 0.0.4 | 58.76 | NOTE | |||
r-patched-linux-x86_64 | 0.0.4 | 5.58 | 43.53 | 49.11 | NOTE | |
r-release-linux-x86_64 | 0.0.4 | 4.47 | 45.52 | 49.99 | NOTE | |
r-release-macos-arm64 | 0.0.4 | 24.00 | NOTE | |||
r-release-macos-x86_64 | 0.0.4 | 42.00 | NOTE | |||
r-release-windows-x86_64 | 0.0.4 | 20.00 | 77.00 | 97.00 | NOTE | |
r-oldrel-macos-arm64 | 0.0.4 | 21.00 | NOTE | |||
r-oldrel-macos-x86_64 | 0.0.4 | 33.00 | NOTE | |||
r-oldrel-windows-ix86+x86_64 | 0.0.4 | 13.00 | 85.00 | 98.00 | WARN |
Version: 0.0.4
Check: LazyData
Result: NOTE
'LazyData' is specified without a 'data' directory
Flavors: r-devel-linux-x86_64-debian-clang, r-devel-linux-x86_64-debian-gcc, r-devel-linux-x86_64-fedora-clang, r-devel-linux-x86_64-fedora-gcc, r-patched-linux-x86_64, r-release-linux-x86_64, r-release-macos-arm64, r-release-macos-x86_64, r-release-windows-x86_64, r-oldrel-macos-arm64, r-oldrel-macos-x86_64, r-oldrel-windows-ix86+x86_64
Version: 0.0.4
Check: dependencies in R code
Result: NOTE
Namespace in Imports field not imported from: ‘tibble’
All declared Imports should be used.
Flavors: r-devel-linux-x86_64-fedora-clang, r-devel-linux-x86_64-fedora-gcc, r-release-macos-arm64, r-release-macos-x86_64, r-oldrel-macos-arm64, r-oldrel-macos-x86_64
Version: 0.0.4
Check: for unstated dependencies in ‘tests’
Result: WARN
Warning: unable to access index for repository https://bioconductor.org/packages/3.14/bioc/src/contrib:
cannot open URL 'https://bioconductor.org/packages/3.14/bioc/src/contrib/PACKAGES'
Warning: unable to access index for repository https://bioconductor.org/packages/3.14/data/annotation/src/contrib:
cannot open URL 'https://bioconductor.org/packages/3.14/data/annotation/src/contrib/PACKAGES'
Warning: unable to access index for repository https://bioconductor.org/packages/3.14/data/experiment/src/contrib:
cannot open URL 'https://bioconductor.org/packages/3.14/data/experiment/src/contrib/PACKAGES'
Flavor: r-oldrel-windows-ix86+x86_64