Last updated on 2023-03-24 05:52:14 CET.
Flavor | Version | Tinstall | Tcheck | Ttotal | Status | Flags |
---|---|---|---|---|---|---|
r-devel-linux-x86_64-debian-clang | 0.7-12 | 23.02 | 162.77 | 185.79 | OK | |
r-devel-linux-x86_64-debian-gcc | 0.7-13 | 18.59 | 120.49 | 139.08 | OK | |
r-devel-linux-x86_64-fedora-clang | 0.7-13 | 236.84 | OK | |||
r-devel-linux-x86_64-fedora-gcc | 0.7-13 | 245.41 | OK | |||
r-devel-windows-x86_64 | 0.7-13 | 58.00 | 190.00 | 248.00 | OK | |
r-patched-linux-x86_64 | 0.7-12 | 20.47 | 154.50 | 174.97 | OK | |
r-release-linux-x86_64 | 0.7-13 | 19.86 | 155.23 | 175.09 | OK | |
r-release-macos-arm64 | 0.7-13 | 45.00 | OK | |||
r-release-macos-x86_64 | 0.7-12 | 81.00 | OK | |||
r-release-windows-x86_64 | 0.7-13 | 44.00 | 188.00 | 232.00 | OK | |
r-oldrel-macos-arm64 | 0.7-13 | 61.00 | OK | |||
r-oldrel-macos-x86_64 | 0.7-12 | 84.00 | OK | |||
r-oldrel-windows-ix86+x86_64 | 0.7-13 | 27.00 | 184.00 | 211.00 | NOTE |
Version: 0.7-13
Check: R code for possible problems
Result: NOTE
Initiating curl with CURL_SSL_BACKEND: openssl
Flavor: r-oldrel-windows-ix86+x86_64