CRAN Package Check Results for Package gitcreds

Last updated on 2021-06-16 06:49:11 CEST.

Flavor Version Tinstall Tcheck Ttotal Status Flags
r-devel-linux-x86_64-debian-clang 0.1.1 2.27 30.11 32.38 NOTE
r-devel-linux-x86_64-debian-gcc 0.1.1 1.99 23.82 25.81 NOTE
r-devel-linux-x86_64-fedora-clang 0.1.1 49.00 NOTE
r-devel-linux-x86_64-fedora-gcc 0.1.1 38.77 NOTE
r-devel-windows-x86_64 0.1.1 5.00 49.00 54.00 NOTE
r-devel-windows-x86_64-gcc10-UCRT 0.1.1 NOTE
r-patched-linux-x86_64 0.1.1 2.61 29.22 31.83 NOTE
r-patched-solaris-x86 0.1.1 59.10 NOTE
r-release-linux-x86_64 0.1.1 2.63 29.50 32.13 NOTE
r-release-macos-arm64 0.1.1 NOTE
r-release-macos-x86_64 0.1.1 NOTE
r-release-windows-ix86+x86_64 0.1.1 6.00 46.00 52.00 NOTE
r-oldrel-macos-x86_64 0.1.1 OK
r-oldrel-windows-ix86+x86_64 0.1.1 5.00 45.00 50.00 OK

Check Details

Version: 0.1.1
Check: LazyData
Result: NOTE
     'LazyData' is specified without a 'data' directory
Flavors: r-devel-linux-x86_64-debian-clang, r-devel-linux-x86_64-debian-gcc, r-devel-linux-x86_64-fedora-clang, r-devel-linux-x86_64-fedora-gcc, r-devel-windows-x86_64, r-devel-windows-x86_64-gcc10-UCRT, r-patched-linux-x86_64, r-patched-solaris-x86, r-release-linux-x86_64, r-release-macos-arm64, r-release-macos-x86_64, r-release-windows-ix86+x86_64