CRAN Package Check Results for Package githubinstall

Last updated on 2020-10-20 06:46:46 CEST.

Flavor Version Tinstall Tcheck Ttotal Status Flags
r-devel-linux-x86_64-debian-clang 0.2.2 8.42 70.70 79.12 OK
r-devel-linux-x86_64-debian-gcc 0.2.2 5.96 51.07 57.03 OK
r-devel-linux-x86_64-fedora-clang 0.2.2 98.46 NOTE
r-devel-linux-x86_64-fedora-gcc 0.2.2 89.51 NOTE
r-devel-windows-ix86+x86_64 0.2.2 14.00 69.00 83.00 OK
r-patched-linux-x86_64 0.2.2 6.64 65.30 71.94 OK
r-patched-solaris-x86 0.2.2 120.90 NOTE
r-release-linux-x86_64 0.2.2 6.84 64.92 71.76 OK
r-release-macos-x86_64 0.2.2 NOTE
r-release-windows-ix86+x86_64 0.2.2 17.00 70.00 87.00 OK
r-oldrel-macos-x86_64 0.2.2 NOTE
r-oldrel-windows-ix86+x86_64 0.2.2 10.00 79.00 89.00 OK

Check Details

Version: 0.2.2
Check: dependencies in R code
Result: NOTE
    Namespace in Imports field not imported from: ‘mockery’
     All declared Imports should be used.
Flavors: r-devel-linux-x86_64-fedora-clang, r-devel-linux-x86_64-fedora-gcc, r-patched-solaris-x86, r-release-macos-x86_64, r-oldrel-macos-x86_64