CRAN Package Check Results for Package gjam

Last updated on 2023-01-28 07:14:56 CET.

Flavor Version Tinstall Tcheck Ttotal Status Flags
r-devel-linux-x86_64-debian-clang 2.6.2 70.79 116.44 187.23 OK
r-devel-linux-x86_64-debian-gcc 2.6.2 52.16 83.98 136.14 NOTE
r-devel-linux-x86_64-fedora-clang 2.6.2 249.69 OK
r-devel-linux-x86_64-fedora-gcc 2.6.2 263.38 NOTE
r-devel-windows-x86_64 2.6.2 78.00 156.00 234.00 OK
r-patched-linux-x86_64 2.6.2 54.56 111.66 166.22 OK
r-release-linux-x86_64 2.6.2 50.90 114.21 165.11 OK
r-release-macos-arm64 2.6.2 68.00 OK
r-release-macos-x86_64 2.6.2 74.00 OK
r-release-windows-x86_64 2.6.2 63.00 171.00 234.00 OK
r-oldrel-macos-arm64 2.6.2 64.00 OK
r-oldrel-macos-x86_64 2.6.2 74.00 OK
r-oldrel-windows-ix86+x86_64 2.6.2 131.00 155.00 286.00 OK

Check Details

Version: 2.6.2
Check: C++ specification
Result: NOTE
     Specified C++11: please update to current default of C++17
Flavors: r-devel-linux-x86_64-debian-gcc, r-devel-linux-x86_64-fedora-gcc