CRAN Package Check Results for Package gld

Last updated on 2024-04-20 06:58:43 CEST.

Flavor Version Tinstall Tcheck Ttotal Status Flags
r-devel-linux-x86_64-debian-clang 2.6.6 8.81 49.84 58.65 NOTE
r-devel-linux-x86_64-debian-gcc 2.6.6 5.60 37.03 42.63 NOTE
r-devel-linux-x86_64-fedora-clang 2.6.6 72.77 NOTE
r-devel-linux-x86_64-fedora-gcc 2.6.6 70.65 NOTE
r-prerel-macos-arm64 2.6.6 30.00 NOTE
r-prerel-windows-x86_64 2.6.6 11.00 66.00 77.00 NOTE
r-patched-linux-x86_64 2.6.6 9.43 49.02 58.45 NOTE
r-release-linux-x86_64 2.6.6 8.32 49.28 57.60 OK
r-release-macos-arm64 2.6.6 28.00 OK
r-release-macos-x86_64 2.6.6 37.00 OK
r-release-windows-x86_64 2.6.6 13.00 69.00 82.00 OK
r-oldrel-macos-arm64 2.6.6 27.00 OK
r-oldrel-windows-x86_64 2.6.6 12.00 74.00 86.00 OK

Check Details

Version: 2.6.6
Check: Rd files
Result: NOTE checkRd: (-1) GeneralisedLambdaDistribution.Rd:60: Lost braces; missing escapes or markup? 60 | \code{gpd} uses GPD parameterisation, see {van Staden and Loots (2009)} | ^ checkRd: (-1) gld.lmoments.Rd:15: Lost braces in \itemize; meant \describe ? checkRd: (-1) gld.lmoments.Rd:16: Lost braces in \itemize; meant \describe ? checkRd: (-1) gld.lmoments.Rd:17: Lost braces in \itemize; meant \describe ? checkRd: (-1) gld.lmoments.Rd:18: Lost braces in \itemize; meant \describe ? checkRd: (-1) gld.moments.Rd:14: Lost braces 14 | {\eqn{\lambda_1}{lambda 1} location parameter} | ^ checkRd: (-1) gld.moments.Rd:15: Lost braces 15 | {\eqn{\lambda_2}{lambda 2} - scale parameter} | ^ checkRd: (-1) gld.moments.Rd:16: Lost braces 16 | {\eqn{\lambda_3}{lambda 3} - first shape parameter} | ^ checkRd: (-1) gld.moments.Rd:17: Lost braces 17 | {\eqn{\lambda_4}{lambda 4} - second shape parameter} | ^ Flavors: r-devel-linux-x86_64-debian-clang, r-devel-linux-x86_64-debian-gcc, r-devel-linux-x86_64-fedora-clang, r-devel-linux-x86_64-fedora-gcc, r-prerel-macos-arm64, r-prerel-windows-x86_64, r-patched-linux-x86_64