CRAN Package Check Results for Package gldrm

Last updated on 2022-01-22 06:48:54 CET.

Flavor Version Tinstall Tcheck Ttotal Status Flags
r-devel-linux-x86_64-debian-clang 1.5 3.11 42.97 46.08 NOTE
r-devel-linux-x86_64-debian-gcc 1.5 2.87 33.62 36.49 NOTE
r-devel-linux-x86_64-fedora-clang 1.5 58.71 NOTE
r-devel-linux-x86_64-fedora-gcc 1.5 47.48 NOTE
r-devel-windows-x86_64-new-UL 1.5 19.00 62.00 81.00 NOTE
r-devel-windows-x86_64-new-TK 1.5 NOTE
r-patched-linux-x86_64 1.5 3.75 42.87 46.62 NOTE
r-release-linux-x86_64 1.5 2.86 43.11 45.97 NOTE
r-release-macos-arm64 1.5 NOTE
r-release-macos-x86_64 1.5 NOTE
r-release-windows-ix86+x86_64 1.5 8.00 55.00 63.00 NOTE
r-oldrel-macos-x86_64 1.5 OK
r-oldrel-windows-ix86+x86_64 1.5 8.00 54.00 62.00 OK

Check Details

Version: 1.5
Check: LazyData
Result: NOTE
     'LazyData' is specified without a 'data' directory
Flavors: r-devel-linux-x86_64-debian-clang, r-devel-linux-x86_64-debian-gcc, r-devel-linux-x86_64-fedora-clang, r-devel-linux-x86_64-fedora-gcc, r-devel-windows-x86_64-new-UL, r-devel-windows-x86_64-new-TK, r-patched-linux-x86_64, r-release-linux-x86_64, r-release-macos-arm64, r-release-macos-x86_64, r-release-windows-ix86+x86_64