CRAN Package Check Results for Package glmBfp

Last updated on 2020-08-13 06:47:28 CEST.

Flavor Version Tinstall Tcheck Ttotal Status Flags
r-devel-linux-x86_64-debian-clang 0.0-60 269.27 118.33 387.60 OK
r-devel-linux-x86_64-debian-gcc 0.0-60 198.24 88.38 286.62 OK
r-devel-linux-x86_64-fedora-clang 0.0-60 527.56 NOTE
r-devel-linux-x86_64-fedora-gcc 0.0-60 492.76 OK
r-devel-windows-ix86+x86_64 0.0-60 547.00 214.00 761.00 OK
r-patched-linux-x86_64 0.0-60 166.02 115.44 281.46 OK
r-patched-solaris-x86 0.0-60 489.30 OK
r-release-linux-x86_64 0.0-60 177.43 114.55 291.98 OK
r-release-macos-x86_64 0.0-60 ERROR
r-release-windows-ix86+x86_64 0.0-60 634.00 224.00 858.00 OK
r-oldrel-macos-x86_64 0.0-60 NOTE
r-oldrel-windows-ix86+x86_64 0.0-60 432.00 161.00 593.00 OK

Check Details

Version: 0.0-60
Check: installed package size
Result: NOTE
     installed size is 10.4Mb
     sub-directories of 1Mb or more:
     libs 9.5Mb
Flavors: r-devel-linux-x86_64-fedora-clang, r-oldrel-macos-x86_64

Version: 0.0-60
Check: whether package can be installed
Result: ERROR
    Installation failed.
Flavor: r-release-macos-x86_64