CRAN Package Check Results for Package glmmML

Last updated on 2024-06-13 06:58:03 CEST.

Flavor Version Tinstall Tcheck Ttotal Status Flags
r-devel-linux-x86_64-debian-clang 1.1.6 7.69 40.27 47.96 OK
r-devel-linux-x86_64-debian-gcc 1.1.6 5.10 31.77 36.87 NOTE
r-devel-linux-x86_64-fedora-clang 1.1.6 61.56 OK
r-devel-linux-x86_64-fedora-gcc 1.1.6 71.47 OK
r-devel-windows-x86_64 1.1.6 10.00 76.00 86.00 OK
r-patched-linux-x86_64 1.1.6 7.21 39.38 46.59 OK
r-release-linux-x86_64 1.1.6 7.70 38.34 46.04 OK
r-release-macos-arm64 1.1.6 30.00 OK
r-release-macos-x86_64 1.1.6 46.00 OK
r-release-windows-x86_64 1.1.6 11.00 79.00 90.00 OK
r-oldrel-macos-arm64 1.1.6 33.00 OK
r-oldrel-macos-x86_64 1.1.6 84.00 OK
r-oldrel-windows-x86_64 1.1.6 12.00 73.00 85.00 OK

Check Details

Version: 1.1.6
Check: package dependencies
Result: NOTE Package suggested but not available for checking: ‘lme4’ Flavor: r-devel-linux-x86_64-debian-gcc