Last updated on 2025-06-14 06:49:57 CEST.
Flavor | Version | Tinstall | Tcheck | Ttotal | Status | Flags |
---|---|---|---|---|---|---|
r-devel-linux-x86_64-debian-clang | 0.1.8 | 231.16 | 151.40 | 382.56 | OK | |
r-devel-linux-x86_64-debian-gcc | 0.1.8 | 185.96 | 120.65 | 306.61 | OK | |
r-devel-linux-x86_64-fedora-clang | 0.1.8 | 547.42 | OK | |||
r-devel-linux-x86_64-fedora-gcc | 0.1.8 | 653.48 | OK | |||
r-devel-windows-x86_64 | 0.1.8 | 220.00 | 189.00 | 409.00 | OK | |
r-patched-linux-x86_64 | 0.1.8 | 258.60 | 160.42 | 419.02 | OK | |
r-release-linux-x86_64 | 0.1.8 | 259.65 | 162.10 | 421.75 | OK | |
r-release-macos-arm64 | 0.1.8 | 143.00 | OK | |||
r-release-macos-x86_64 | 0.1.8 | 355.00 | OK | |||
r-release-windows-x86_64 | 0.1.8 | 196.00 | 177.00 | 373.00 | OK | |
r-oldrel-macos-arm64 | 0.1.8 | 83.00 | NOTE | |||
r-oldrel-macos-x86_64 | 0.1.8 | 154.00 | NOTE | |||
r-oldrel-windows-x86_64 | 0.1.8 | 264.00 | 229.00 | 493.00 | NOTE |
Version: 0.1.8
Check: installed package size
Result: NOTE
installed size is 93.0Mb
sub-directories of 1Mb or more:
libs 92.3Mb
Flavors: r-oldrel-macos-arm64, r-oldrel-macos-x86_64
Version: 0.1.8
Check: for GNU extensions in Makefiles
Result: NOTE
GNU make is a SystemRequirements.
Flavors: r-oldrel-macos-arm64, r-oldrel-macos-x86_64, r-oldrel-windows-x86_64