CRAN Package Check Results for Package globaltrends

Last updated on 2022-10-02 06:52:11 CEST.

Flavor Version Tinstall Tcheck Ttotal Status Flags
r-devel-linux-x86_64-debian-clang 0.0.12 13.55 237.71 251.26 NOTE
r-devel-linux-x86_64-debian-gcc 0.0.12 10.43 175.00 185.43 NOTE
r-devel-linux-x86_64-fedora-clang 0.0.12 314.42 NOTE
r-devel-linux-x86_64-fedora-gcc 0.0.12 287.72 NOTE
r-devel-windows-x86_64 0.0.12 62.00 322.00 384.00 NOTE
r-patched-linux-x86_64 0.0.12 10.02 220.93 230.95 OK
r-release-linux-x86_64 0.0.12 13.51 219.06 232.57 OK
r-release-macos-arm64 0.0.12 114.00 OK
r-release-macos-x86_64 0.0.12 140.00 OK
r-release-windows-x86_64 0.0.12 54.00 305.00 359.00 OK
r-oldrel-macos-arm64 0.0.12 107.00 OK
r-oldrel-macos-x86_64 0.0.12 143.00 OK
r-oldrel-windows-ix86+x86_64 0.0.12 28.00 317.00 345.00 OK

Check Details

Version: 0.0.12
Check: package subdirectories
Result: NOTE
    Problems with news in 'NEWS.md':
    No news entries found.
Flavors: r-devel-linux-x86_64-debian-clang, r-devel-linux-x86_64-debian-gcc, r-devel-linux-x86_64-fedora-clang, r-devel-linux-x86_64-fedora-gcc, r-devel-windows-x86_64