Last updated on 2022-07-06 06:52:52 CEST.
Flavor | Version | Tinstall | Tcheck | Ttotal | Status | Flags |
---|---|---|---|---|---|---|
r-devel-linux-x86_64-debian-clang | 1.1-3.2 | 15.57 | 120.47 | 136.04 | OK | |
r-devel-linux-x86_64-debian-gcc | 1.1-3.2 | 9.73 | 89.16 | 98.89 | OK | |
r-devel-linux-x86_64-fedora-clang | 1.1-3.2 | 175.35 | NOTE | |||
r-devel-linux-x86_64-fedora-gcc | 1.1-3.2 | 166.18 | OK | |||
r-devel-windows-x86_64 | 1.1-3.2 | 24.00 | 135.00 | 159.00 | OK | |
r-patched-linux-x86_64 | 1.1-3.2 | 13.06 | 113.19 | 126.25 | OK | |
r-release-linux-x86_64 | 1.1-3.2 | 12.98 | 111.68 | 124.66 | OK | |
r-release-macos-arm64 | 1.1-3.2 | 41.00 | OK | |||
r-release-macos-x86_64 | 1.1-3.2 | 88.00 | OK | |||
r-release-windows-x86_64 | 1.1-3.2 | 28.00 | 140.00 | 168.00 | OK | |
r-oldrel-macos-arm64 | 1.1-3.2 | 45.00 | OK | |||
r-oldrel-macos-x86_64 | 1.1-3.2 | 85.00 | OK | |||
r-oldrel-windows-ix86+x86_64 | 1.1-3.2 | 32.00 | 131.00 | 163.00 | OK |
Version: 1.1-3.2
Check: Rd cross-references
Result: NOTE
Undeclared package ‘sandwich’ in Rd xrefs
Flavor: r-devel-linux-x86_64-fedora-clang