CRAN Package Check Results for Package gmodels

Last updated on 2022-07-06 06:52:52 CEST.

Flavor Version Tinstall Tcheck Ttotal Status Flags
r-devel-linux-x86_64-debian-clang 2.18.1.1 3.94 33.92 37.86 OK
r-devel-linux-x86_64-debian-gcc 2.18.1.1 2.88 25.95 28.83 OK
r-devel-linux-x86_64-fedora-clang 2.18.1.1 54.06 WARN
r-devel-linux-x86_64-fedora-gcc 2.18.1.1 53.86 WARN
r-devel-windows-x86_64 2.18.1.1 11.00 58.00 69.00 OK
r-patched-linux-x86_64 2.18.1.1 3.79 31.71 35.50 OK
r-release-linux-x86_64 2.18.1.1 3.39 32.02 35.41 OK
r-release-macos-arm64 2.18.1.1 26.00 OK
r-release-macos-x86_64 2.18.1.1 28.00 OK
r-release-windows-x86_64 2.18.1.1 16.00 61.00 77.00 OK
r-oldrel-macos-arm64 2.18.1.1 25.00 OK
r-oldrel-macos-x86_64 2.18.1.1 29.00 OK
r-oldrel-windows-ix86+x86_64 2.18.1.1 8.00 48.00 56.00 OK

Check Details

Version: 2.18.1.1
Check: package dependencies
Result: WARN
    Requires (indirectly) orphaned package: ‘gtools’
    
    Suggests orphaned package: ‘gtools’
Flavors: r-devel-linux-x86_64-fedora-clang, r-devel-linux-x86_64-fedora-gcc

Version: 2.18.1.1
Check: Rd cross-references
Result: NOTE
    Undeclared package ‘rms’ in Rd xrefs
Flavor: r-devel-linux-x86_64-fedora-clang