CRAN Package Check Results for Package gmodels

Last updated on 2021-01-20 06:46:46 CET.

Flavor Version Tinstall Tcheck Ttotal Status Flags
r-devel-linux-x86_64-debian-clang 2.18.1 3.99 31.09 35.08 OK
r-devel-linux-x86_64-debian-gcc 2.18.1 2.63 24.82 27.45 OK
r-devel-linux-x86_64-fedora-clang 2.18.1 51.35 NOTE
r-devel-linux-x86_64-fedora-gcc 2.18.1 41.60 OK
r-devel-windows-ix86+x86_64 2.18.1 5.00 40.00 45.00 OK
r-patched-linux-x86_64 2.18.1 3.83 30.88 34.71 OK
r-patched-solaris-x86 2.18.1 58.30 OK
r-release-linux-x86_64 2.18.1 3.06 30.17 33.23 OK
r-release-macos-x86_64 2.18.1 OK
r-release-windows-ix86+x86_64 2.18.1 7.00 38.00 45.00 OK
r-oldrel-macos-x86_64 2.18.1 OK
r-oldrel-windows-ix86+x86_64 2.18.1 4.00 32.00 36.00 OK

Check Details

Version: 2.18.1
Check: Rd cross-references
Result: NOTE
    Undeclared package ‘rms’ in Rd xrefs
Flavor: r-devel-linux-x86_64-fedora-clang