CRAN Package Check Results for Package gmvarkit

Last updated on 2020-10-26 05:46:41 CET.

Flavor Version Tinstall Tcheck Ttotal Status Flags
r-devel-linux-x86_64-debian-clang 1.2.2 9.42 250.55 259.97 OK
r-devel-linux-x86_64-debian-gcc 1.2.2 6.91 199.68 206.59 OK
r-devel-linux-x86_64-fedora-clang 1.2.2 229.06 OK
r-devel-linux-x86_64-fedora-gcc 1.2.2 214.44 OK
r-devel-windows-ix86+x86_64 1.2.2 18.00 161.00 179.00 OK
r-patched-linux-x86_64 1.2.2 9.56 227.06 236.62 OK
r-patched-solaris-x86 1.2.2 202.40 OK
r-release-linux-x86_64 1.2.2 12.31 224.63 236.94 OK
r-release-macos-x86_64 1.2.2 OK
r-release-windows-ix86+x86_64 1.2.2 12.00 113.00 125.00 OK
r-oldrel-macos-x86_64 1.2.2 ERROR
r-oldrel-windows-ix86+x86_64 1.1.3 7.00 91.00 98.00 OK

Check Details

Version: 1.2.2
Check: package dependencies
Result: ERROR
    Packages required and available but unsuitable versions:
     'parallel', 'stats', 'graphics', 'grDevices'
    
    See section ‘The DESCRIPTION file’ in the ‘Writing R Extensions’
    manual.
Flavor: r-oldrel-macos-x86_64