CRAN Package Check Results for Package googleAnalyticsR

Last updated on 2024-06-20 06:57:14 CEST.

Flavor Version Tinstall Tcheck Ttotal Status Flags
r-devel-linux-x86_64-debian-clang 1.1.0 16.43 94.75 111.18 NOTE
r-devel-linux-x86_64-debian-gcc 1.1.0 10.99 71.06 82.05 NOTE
r-devel-linux-x86_64-fedora-clang 1.1.0 144.94 NOTE
r-devel-linux-x86_64-fedora-gcc 1.1.0 128.88 NOTE
r-devel-windows-x86_64 1.1.0 14.00 100.00 114.00 NOTE
r-patched-linux-x86_64 1.1.0 13.80 90.27 104.07 NOTE
r-release-linux-x86_64 1.1.0 8.95 91.75 100.70 NOTE
r-release-macos-arm64 1.1.0 36.00 NOTE
r-release-macos-x86_64 1.1.0 73.00 NOTE
r-release-windows-x86_64 1.1.0 15.00 102.00 117.00 NOTE
r-oldrel-macos-arm64 1.1.0 39.00 OK
r-oldrel-macos-x86_64 1.1.0 55.00 OK
r-oldrel-windows-x86_64 1.1.0 17.00 117.00 134.00 OK

Check Details

Version: 1.1.0
Check: package dependencies
Result: NOTE Packages suggested but not available for checking: 'bigQueryR', 'ganalytics' Flavors: r-devel-linux-x86_64-debian-clang, r-devel-linux-x86_64-debian-gcc, r-devel-linux-x86_64-fedora-clang, r-devel-linux-x86_64-fedora-gcc, r-patched-linux-x86_64, r-release-linux-x86_64

Version: 1.1.0
Check: Rd files
Result: NOTE checkRd: (-1) ga_data_filter.Rd:28: Lost braces in \itemize; meant \describe ? checkRd: (-1) ga_data_filter.Rd:29: Lost braces in \itemize; meant \describe ? checkRd: (-1) ga_data_filter.Rd:30: Lost braces in \itemize; meant \describe ? checkRd: (-1) ga_data_filter.Rd:31: Lost braces in \itemize; meant \describe ? checkRd: (-1) ga_data_filter.Rd:32: Lost braces in \itemize; meant \describe ? checkRd: (-1) ga_data_filter.Rd:33: Lost braces in \itemize; meant \describe ? checkRd: (-1) ga_data_filter.Rd:34: Lost braces in \itemize; meant \describe ? checkRd: (-1) ga_data_filter.Rd:35: Lost braces in \itemize; meant \describe ? checkRd: (-1) ga_data_filter.Rd:36: Lost braces in \itemize; meant \describe ? checkRd: (-1) ga_data_order.Rd:27: Lost braces in \itemize; meant \describe ? checkRd: (-1) ga_data_order.Rd:28: Lost braces in \itemize; meant \describe ? checkRd: (-1) ga_data_order.Rd:29: Lost braces in \itemize; meant \describe ? checkRd: (-1) ga_data_order.Rd:30: Lost braces in \itemize; meant \describe ? checkRd: (-1) ga_data_order.Rd:31: Lost braces in \itemize; meant \describe ? checkRd: (-1) ga_data_order.Rd:37: Lost braces in \itemize; meant \describe ? checkRd: (-1) ga_data_order.Rd:38: Lost braces in \itemize; meant \describe ? checkRd: (-1) ga_data_order.Rd:39: Lost braces in \itemize; meant \describe ? checkRd: (-1) ga_model_shiny.Rd:34: Lost braces 34 | \item{date_range}{Most templates support a {{ date_range }} global input for the data import functions, set this to FALSE to remove it} | ^ checkRd: (-1) ga_model_shiny.Rd:64: Lost braces in \itemize; meant \describe ? checkRd: (-1) ga_model_shiny.Rd:65: Lost braces in \itemize; meant \describe ? checkRd: (-1) ga_model_shiny.Rd:66: Lost braces in \itemize; meant \describe ? checkRd: (-1) ga_model_shiny.Rd:67: Lost braces in \itemize; meant \describe ? checkRd: (-1) ga_model_shiny.Rd:68: Lost braces in \itemize; meant \describe ? checkRd: (-1) ga_model_shiny.Rd:69: Lost braces in \itemize; meant \describe ? checkRd: (-1) ga_model_shiny.Rd:70: Lost braces in \itemize; meant \describe ? checkRd: (-1) ga_model_shiny.Rd:71: Lost braces in \itemize; meant \describe ? checkRd: (-1) ga_model_shiny.Rd:72: Lost braces in \itemize; meant \describe ? checkRd: (-1) ga_model_shiny.Rd:73: Lost braces in \itemize; meant \describe ? checkRd: (-1) ga_model_shiny.Rd:74: Lost braces in \itemize; meant \describe ? checkRd: (-1) ga_model_shiny.Rd:75: Lost braces in \itemize; meant \describe ? checkRd: (-1) ga_model_shiny.Rd:76: Lost braces in \itemize; meant \describe ? checkRd: (-1) ga_model_shiny.Rd:77: Lost braces in \itemize; meant \describe ? checkRd: (-1) ga_model_shiny.Rd:78: Lost braces in \itemize; meant \describe ? Flavors: r-devel-linux-x86_64-debian-clang, r-devel-linux-x86_64-debian-gcc, r-devel-linux-x86_64-fedora-clang, r-devel-linux-x86_64-fedora-gcc, r-devel-windows-x86_64, r-patched-linux-x86_64, r-release-linux-x86_64, r-release-macos-arm64, r-release-macos-x86_64, r-release-windows-x86_64

Version: 1.1.0
Check: Rd cross-references
Result: NOTE Unknown package ‘bigQueryR’ in Rd xrefs Flavors: r-devel-linux-x86_64-debian-clang, r-devel-linux-x86_64-debian-gcc, r-devel-linux-x86_64-fedora-clang, r-devel-linux-x86_64-fedora-gcc, r-patched-linux-x86_64, r-release-linux-x86_64

Version: 1.1.0
Check: package dependencies
Result: NOTE Package suggested but not available for checking: ‘ganalytics’ Flavors: r-release-macos-arm64, r-release-macos-x86_64