CRAN Package Check Results for Package googleAuthR

Last updated on 2020-10-01 06:47:06 CEST.

Flavor Version Tinstall Tcheck Ttotal Status Flags
r-devel-linux-x86_64-debian-clang 1.3.0 6.28 50.15 56.43 OK
r-devel-linux-x86_64-debian-gcc 1.3.0 0.39 2.68 3.07 ERROR
r-devel-linux-x86_64-fedora-clang 1.3.0 75.69 OK
r-devel-linux-x86_64-fedora-gcc 1.3.0 67.38 OK
r-devel-windows-ix86+x86_64 1.3.0 14.00 63.00 77.00 OK
r-patched-linux-x86_64 1.3.0 6.08 48.54 54.62 OK
r-patched-solaris-x86 1.3.0 87.70 OK
r-release-linux-x86_64 1.3.0 5.49 48.13 53.62 WARN
r-release-macos-x86_64 1.3.0 OK
r-release-windows-ix86+x86_64 1.3.0 13.00 78.00 91.00 OK
r-oldrel-macos-x86_64 1.3.0 OK
r-oldrel-windows-ix86+x86_64 1.3.0 11.00 68.00 79.00 OK

Check Details

Version: 1.3.0
Check: whether package can be installed
Result: ERROR
    Installation failed.
Flavor: r-devel-linux-x86_64-debian-gcc

Version: 1.3.0
Check: re-building of vignette outputs
Result: WARN
    Error(s) in re-building vignettes:
     ...
    --- re-building ‘advanced-building.Rmd’ using rmarkdown
    Could not fetch https://codecov.io/gh/MarkEdmondson1234/googleAuthR/branch/master/graph/badge.svg
    HttpExceptionRequest Request {
     host = "codecov.io"
     port = 443
     secure = True
     requestHeaders = []
     path = "/gh/MarkEdmondson1234/googleAuthR/branch/master/graph/badge.svg"
     queryString = ""
     method = "GET"
     proxy = Nothing
     rawBody = False
     redirectCount = 10
     responseTimeout = ResponseTimeoutDefault
     requestVersion = HTTP/1.1
    }
     ConnectionTimeout
    Error: processing vignette 'advanced-building.Rmd' failed with diagnostics:
    pandoc document conversion failed with error 61
    --- failed re-building ‘advanced-building.Rmd’
    
    --- re-building ‘building.Rmd’ using rmarkdown
    --- finished re-building ‘building.Rmd’
    
    --- re-building ‘google-authentication-types.Rmd’ using rmarkdown
    --- finished re-building ‘google-authentication-types.Rmd’
    
    --- re-building ‘setup.Rmd’ using rmarkdown
    --- finished re-building ‘setup.Rmd’
    
    --- re-building ‘troubleshooting.Rmd’ using rmarkdown
    --- finished re-building ‘troubleshooting.Rmd’
    
    SUMMARY: processing the following file failed:
     ‘advanced-building.Rmd’
    
    Error: Vignette re-building failed.
    Execution halted
Flavor: r-release-linux-x86_64