CRAN Package Check Results for Package googleCloudVisionR

Last updated on 2023-03-21 15:52:18 CET.

Flavor Version Tinstall Tcheck Ttotal Status Flags
r-devel-linux-x86_64-debian-clang 0.2.0 5.27 41.30 46.57 NOTE
r-devel-linux-x86_64-debian-gcc 0.2.0 3.40 30.97 34.37 NOTE
r-devel-linux-x86_64-fedora-clang 0.2.0 59.66 NOTE
r-devel-linux-x86_64-fedora-gcc 0.2.0 52.70 NOTE
r-patched-linux-x86_64 0.2.0 3.76 40.60 44.36 NOTE
r-release-linux-x86_64 0.2.0 4.79 41.00 45.79 NOTE
r-release-macos-arm64 0.2.0 19.00 NOTE
r-release-macos-x86_64 0.2.0 27.00 NOTE
r-release-windows-x86_64 0.2.0 99.00 73.00 172.00 NOTE
r-oldrel-macos-arm64 0.2.0 26.00 NOTE
r-oldrel-macos-x86_64 0.2.0 31.00 NOTE
r-oldrel-windows-ix86+x86_64 0.2.0 11.00 65.00 76.00 NOTE

Check Details

Version: 0.2.0
Check: LazyData
Result: NOTE
     'LazyData' is specified without a 'data' directory
Flavors: r-devel-linux-x86_64-debian-clang, r-devel-linux-x86_64-debian-gcc, r-devel-linux-x86_64-fedora-clang, r-devel-linux-x86_64-fedora-gcc, r-patched-linux-x86_64, r-release-linux-x86_64, r-release-macos-arm64, r-release-macos-x86_64, r-release-windows-x86_64, r-oldrel-macos-arm64, r-oldrel-macos-x86_64, r-oldrel-windows-ix86+x86_64